Last updated on 2025-11-05 07:50:50 CET.
| Flavor | Version | Tinstall | Tcheck | Ttotal | Status | Flags |
|---|---|---|---|---|---|---|
| r-devel-linux-x86_64-debian-clang | 1.0.7 | 1.87 | 21.58 | 23.45 | NOTE | |
| r-devel-linux-x86_64-debian-gcc | 1.0.7 | 1.38 | 17.26 | 18.64 | NOTE | |
| r-devel-linux-x86_64-fedora-clang | 1.0.7 | 36.83 | OK | |||
| r-devel-linux-x86_64-fedora-gcc | 1.0.7 | 33.36 | OK | |||
| r-devel-windows-x86_64 | 1.0.7 | 3.00 | 40.00 | 43.00 | OK | |
| r-patched-linux-x86_64 | 1.0.7 | 2.30 | 20.55 | 22.85 | OK | |
| r-release-linux-x86_64 | 1.0.7 | 1.99 | 20.37 | 22.36 | OK | |
| r-release-macos-arm64 | 1.0.7 | 1.00 | 15.00 | 16.00 | OK | |
| r-release-macos-x86_64 | 1.0.7 | 2.00 | 22.00 | 24.00 | OK | |
| r-release-windows-x86_64 | 1.0.7 | 3.00 | 39.00 | 42.00 | OK | |
| r-oldrel-macos-arm64 | 1.0.7 | 1.00 | 14.00 | 15.00 | OK | |
| r-oldrel-macos-x86_64 | 1.0.7 | 2.00 | 21.00 | 23.00 | OK | |
| r-oldrel-windows-x86_64 | 1.0.7 | 2.00 | 40.00 | 42.00 | OK |
Version: 1.0.7
Check: CRAN incoming feasibility
Result: NOTE
Maintainer: ‘Edgar Santos-Fernandez <[email protected]>’
No Authors@R field in DESCRIPTION.
Please add one, modifying
Authors@R: c(person(given = "Edgar",
family = "Santos-Fernandez",
role = c("aut", "cre"),
email = "[email protected]"),
person(given = "Michele",
family = "Scagliarini.",
role = "aut"))
as necessary.
Package CITATION file contains call(s) to old-style personList() or
as.personList(). Please use c() on person objects instead.
Package CITATION file contains call(s) to old-style citEntry(). Please
use bibentry() instead.
Flavors: r-devel-linux-x86_64-debian-clang, r-devel-linux-x86_64-debian-gcc