Last updated on 2025-11-05 07:50:50 CET.
| Flavor | Version | Tinstall | Tcheck | Ttotal | Status | Flags |
|---|---|---|---|---|---|---|
| r-devel-linux-x86_64-debian-clang | 0.1.0 | 1.66 | 24.26 | 25.92 | NOTE | |
| r-devel-linux-x86_64-debian-gcc | 0.1.0 | 1.37 | 19.41 | 20.78 | NOTE | |
| r-devel-linux-x86_64-fedora-clang | 0.1.0 | 39.46 | OK | |||
| r-devel-linux-x86_64-fedora-gcc | 0.1.0 | 37.02 | OK | |||
| r-devel-windows-x86_64 | 0.1.0 | 3.00 | 44.00 | 47.00 | OK | |
| r-patched-linux-x86_64 | 0.1.0 | 1.70 | 23.08 | 24.78 | OK | |
| r-release-linux-x86_64 | 0.1.0 | 1.57 | 23.27 | 24.84 | OK | |
| r-release-macos-arm64 | 0.1.0 | 1.00 | 18.00 | 19.00 | OK | |
| r-release-macos-x86_64 | 0.1.0 | 2.00 | 31.00 | 33.00 | OK | |
| r-release-windows-x86_64 | 0.1.0 | 3.00 | 37.00 | 40.00 | OK | |
| r-oldrel-macos-arm64 | 0.1.0 | 1.00 | 15.00 | 16.00 | OK | |
| r-oldrel-macos-x86_64 | 0.1.0 | 2.00 | 26.00 | 28.00 | OK | |
| r-oldrel-windows-x86_64 | 0.1.0 | 4.00 | 40.00 | 44.00 | OK |
Version: 0.1.0
Check: CRAN incoming feasibility
Result: NOTE
Maintainer: ‘Didem Sari <[email protected]>’
No Authors@R field in DESCRIPTION.
Please add one, modifying
Authors@R: c(person(given = "Didem",
family = "Sari",
role = c("aut", "cre"),
email = "[email protected]"),
person(given = c("Sarah", "M."),
family = "Ryan",
role = "aut",
email = "[email protected]"))
as necessary.
Flavors: r-devel-linux-x86_64-debian-clang, r-devel-linux-x86_64-debian-gcc