Last updated on 2025-11-05 07:50:49 CET.
| Flavor | Version | Tinstall | Tcheck | Ttotal | Status | Flags |
|---|---|---|---|---|---|---|
| r-devel-linux-x86_64-debian-clang | 0.1.5 | 1.91 | 24.76 | 26.67 | NOTE | |
| r-devel-linux-x86_64-debian-gcc | 0.1.5 | 1.48 | 18.66 | 20.14 | NOTE | |
| r-devel-linux-x86_64-fedora-clang | 0.1.5 | 41.08 | OK | |||
| r-devel-linux-x86_64-fedora-gcc | 0.1.5 | 39.04 | OK | |||
| r-devel-windows-x86_64 | 0.1.5 | 3.00 | 39.00 | 42.00 | OK | |
| r-patched-linux-x86_64 | 0.1.5 | 1.67 | 23.30 | 24.97 | OK | |
| r-release-linux-x86_64 | 0.1.5 | 1.96 | 23.26 | 25.22 | OK | |
| r-release-macos-arm64 | 0.1.5 | 1.00 | 16.00 | 17.00 | OK | |
| r-release-macos-x86_64 | 0.1.5 | 2.00 | 23.00 | 25.00 | OK | |
| r-release-windows-x86_64 | 0.1.5 | 2.00 | 37.00 | 39.00 | OK | |
| r-oldrel-macos-arm64 | 0.1.5 | 1.00 | 14.00 | 15.00 | OK | |
| r-oldrel-macos-x86_64 | 0.1.5 | 2.00 | 26.00 | 28.00 | OK | |
| r-oldrel-windows-x86_64 | 0.1.5 | 3.00 | 39.00 | 42.00 | OK |
Version: 0.1.5
Check: CRAN incoming feasibility
Result: NOTE
Maintainer: ‘Michael P.B. Gallaugher <[email protected]>’
No Authors@R field in DESCRIPTION.
Please add one, modifying
Authors@R: c(person(given = c("Michael", "P.B."),
family = "Gallaugher",
role = c("aut", "cre"),
email = "[email protected]"),
person(given = c("Paul", "D."),
family = "McNicholas",
role = "aut"))
as necessary.
Flavors: r-devel-linux-x86_64-debian-clang, r-devel-linux-x86_64-debian-gcc