CRAN Package Check Results for Package MaxSkew

Last updated on 2025-11-05 07:50:49 CET.

Flavor Version Tinstall Tcheck Ttotal Status Flags
r-devel-linux-x86_64-debian-clang 1.1 1.49 22.93 24.42 NOTE
r-devel-linux-x86_64-debian-gcc 1.1 1.50 18.18 19.68 NOTE
r-devel-linux-x86_64-fedora-clang 1.1 36.67 OK
r-devel-linux-x86_64-fedora-gcc 1.1 35.31 OK
r-devel-windows-x86_64 1.1 3.00 43.00 46.00 OK
r-patched-linux-x86_64 1.1 1.56 22.08 23.64 OK
r-release-linux-x86_64 1.1 1.80 21.99 23.79 OK
r-release-macos-arm64 1.1 1.00 15.00 16.00 OK
r-release-macos-x86_64 1.1 2.00 23.00 25.00 OK
r-release-windows-x86_64 1.1 3.00 40.00 43.00 OK
r-oldrel-macos-arm64 1.1 1.00 14.00 15.00 OK
r-oldrel-macos-x86_64 1.1 2.00 21.00 23.00 OK
r-oldrel-windows-x86_64 1.1 2.00 41.00 43.00 OK

Check Details

Version: 1.1
Check: CRAN incoming feasibility
Result: NOTE Maintainer: ‘Cinzia Franceschini <[email protected]>’ No Authors@R field in DESCRIPTION. Please add one, modifying Authors@R: c(person(given = "Cinzia", family = "Franceschini", role = c("aut", "cre"), email = "[email protected]"), person(given = "Nicola", family = "Loperfido", role = "aut")) as necessary. Flavors: r-devel-linux-x86_64-debian-clang, r-devel-linux-x86_64-debian-gcc