CRAN Package Check Results for Package MoLE

Last updated on 2025-11-05 07:50:50 CET.

Flavor Version Tinstall Tcheck Ttotal Status Flags
r-devel-linux-x86_64-debian-clang 1.0.1 11.69 170.09 181.78 NOTE
r-devel-linux-x86_64-debian-gcc 1.0.1 7.22 94.04 101.26 NOTE
r-devel-linux-x86_64-fedora-clang 1.0.1 33.00 241.76 274.76 NOTE
r-devel-linux-x86_64-fedora-gcc 1.0.1 28.00 238.28 266.28 NOTE
r-devel-windows-x86_64 1.0.1 12.00 138.00 150.00 NOTE
r-patched-linux-x86_64 1.0.1 11.71 150.11 161.82 NOTE
r-release-linux-x86_64 1.0.1 10.42 150.45 160.87 NOTE
r-release-macos-arm64 1.0.1 4.00 53.00 57.00 NOTE
r-release-macos-x86_64 1.0.1 10.00 123.00 133.00 NOTE
r-release-windows-x86_64 1.0.1 13.00 139.00 152.00 NOTE
r-oldrel-macos-arm64 1.0.1 4.00 53.00 57.00 NOTE
r-oldrel-macos-x86_64 1.0.1 8.00 89.00 97.00 NOTE
r-oldrel-windows-x86_64 1.0.1 11.00 140.00 151.00 NOTE

Check Details

Version: 1.0.1
Check: CRAN incoming feasibility
Result: NOTE Maintainer: ‘Sander Lestrade <[email protected]>’ No Authors@R field in DESCRIPTION. Please add one, modifying Authors@R: person(given = "Sander", family = "Lestrade", role = c("aut", "cre"), email = "[email protected]") as necessary. Flavors: r-devel-linux-x86_64-debian-clang, r-devel-linux-x86_64-debian-gcc

Version: 1.0.1
Check: package subdirectories
Result: NOTE Problems with news in ‘NEWS.md’: No news entries found. Flavors: r-devel-linux-x86_64-debian-clang, r-devel-linux-x86_64-debian-gcc, r-devel-linux-x86_64-fedora-clang, r-devel-linux-x86_64-fedora-gcc, r-devel-windows-x86_64, r-patched-linux-x86_64, r-release-linux-x86_64, r-release-macos-arm64, r-release-macos-x86_64, r-release-windows-x86_64, r-oldrel-macos-arm64, r-oldrel-macos-x86_64, r-oldrel-windows-x86_64

Version: 1.0.1
Check: Rd files
Result: NOTE checkRd: (-1) CHECKSUCCESS.Rd:44: Escaped LaTeX specials: \& Flavors: r-devel-linux-x86_64-debian-clang, r-devel-linux-x86_64-debian-gcc, r-devel-linux-x86_64-fedora-clang, r-devel-linux-x86_64-fedora-gcc, r-devel-windows-x86_64, r-patched-linux-x86_64, r-release-linux-x86_64, r-release-macos-arm64, r-release-macos-x86_64, r-release-windows-x86_64, r-oldrel-macos-arm64, r-oldrel-macos-x86_64, r-oldrel-windows-x86_64