Last updated on 2025-11-05 07:50:50 CET.
| Flavor | Version | Tinstall | Tcheck | Ttotal | Status | Flags |
|---|---|---|---|---|---|---|
| r-devel-linux-x86_64-debian-clang | 1.1.1 | 1.57 | 29.57 | 31.14 | NOTE | |
| r-devel-linux-x86_64-debian-gcc | 1.1.1 | 1.48 | 22.03 | 23.51 | NOTE | |
| r-devel-linux-x86_64-fedora-clang | 1.1.1 | 48.01 | OK | |||
| r-devel-linux-x86_64-fedora-gcc | 1.1.1 | 44.45 | OK | |||
| r-devel-windows-x86_64 | 1.1.1 | 2.00 | 53.00 | 55.00 | OK | |
| r-patched-linux-x86_64 | 1.1.1 | 2.05 | 27.73 | 29.78 | OK | |
| r-release-linux-x86_64 | 1.1.1 | 1.79 | 28.14 | 29.93 | OK | |
| r-release-macos-arm64 | 1.1.1 | 1.00 | 18.00 | 19.00 | OK | |
| r-release-macos-x86_64 | 1.1.1 | 3.00 | 43.00 | 46.00 | OK | |
| r-release-windows-x86_64 | 1.1.1 | 3.00 | 49.00 | 52.00 | OK | |
| r-oldrel-macos-arm64 | 1.1.1 | 1.00 | 16.00 | 17.00 | OK | |
| r-oldrel-macos-x86_64 | 1.1.1 | 2.00 | 25.00 | 27.00 | OK | |
| r-oldrel-windows-x86_64 | 1.1.1 | 3.00 | 52.00 | 55.00 | OK |
Version: 1.1.1
Check: CRAN incoming feasibility
Result: NOTE
Maintainer: ‘Cinzia Franceschini <[email protected]>’
No Authors@R field in DESCRIPTION.
Please add one, modifying
Authors@R: c(person(given = "Cinzia",
family = "Franceschini",
role = c("aut", "cre"),
email = "[email protected]"),
person(given = "Nicola",
family = "Loperfido",
role = "aut"))
as necessary.
Flavors: r-devel-linux-x86_64-debian-clang, r-devel-linux-x86_64-debian-gcc