CRAN Package Check Results for Package OTUtable

Last updated on 2025-11-05 07:50:52 CET.

Flavor Version Tinstall Tcheck Ttotal Status Flags
r-devel-linux-x86_64-debian-clang 1.1.2 2.64 36.89 39.53 NOTE
r-devel-linux-x86_64-debian-gcc 1.1.2 2.03 29.63 31.66 NOTE
r-devel-linux-x86_64-fedora-clang 1.1.2 60.07 OK
r-devel-linux-x86_64-fedora-gcc 1.1.2 56.35 OK
r-devel-windows-x86_64 1.1.2 5.00 54.00 59.00 OK
r-patched-linux-x86_64 1.1.2 2.56 34.99 37.55 OK
r-release-linux-x86_64 1.1.2 2.45 34.79 37.24 OK
r-release-macos-arm64 1.1.2 1.00 25.00 26.00 OK
r-release-macos-x86_64 1.1.2 2.00 35.00 37.00 OK
r-release-windows-x86_64 1.1.2 3.00 54.00 57.00 OK
r-oldrel-macos-arm64 1.1.2 1.00 20.00 21.00 OK
r-oldrel-macos-x86_64 1.1.2 2.00 27.00 29.00 OK
r-oldrel-windows-x86_64 1.1.2 5.00 55.00 60.00 OK

Check Details

Version: 1.1.2
Check: CRAN incoming feasibility
Result: NOTE Maintainer: ‘Alexandra Linz <[email protected]>’ No Authors@R field in DESCRIPTION. Please add one, modifying Authors@R: person(given = "Alexandra", family = "Linz", role = c("aut", "cre"), email = "[email protected]") as necessary. Flavors: r-devel-linux-x86_64-debian-clang, r-devel-linux-x86_64-debian-gcc