CRAN Package Check Results for Package OrdMonReg

Last updated on 2025-11-05 07:50:52 CET.

Flavor Version Tinstall Tcheck Ttotal Status Flags
r-devel-linux-x86_64-debian-clang 1.0.3 2.01 39.92 41.93 NOTE
r-devel-linux-x86_64-debian-gcc 1.0.3 1.58 28.30 29.88 NOTE
r-devel-linux-x86_64-fedora-clang 1.0.3 65.80 NOTE
r-devel-linux-x86_64-fedora-gcc 1.0.3 61.89 NOTE
r-devel-windows-x86_64 1.0.3 3.00 53.00 56.00 NOTE
r-patched-linux-x86_64 1.0.3 2.29 37.70 39.99 NOTE
r-release-linux-x86_64 1.0.3 1.85 36.85 38.70 NOTE
r-release-macos-arm64 1.0.3 1.00 20.00 21.00 NOTE
r-release-macos-x86_64 1.0.3 2.00 36.00 38.00 NOTE
r-release-windows-x86_64 1.0.3 4.00 52.00 56.00 NOTE
r-oldrel-macos-arm64 1.0.3 1.00 19.00 20.00 NOTE
r-oldrel-macos-x86_64 1.0.3 2.00 26.00 28.00 NOTE
r-oldrel-windows-x86_64 1.0.3 3.00 53.00 56.00 NOTE

Check Details

Version: 1.0.3
Check: CRAN incoming feasibility
Result: NOTE Maintainer: ‘Kaspar Rufibach <[email protected]>’ No Authors@R field in DESCRIPTION. Please add one, modifying Authors@R: c(person(given = "Fadoua", family = "Balabdaoui", role = "aut"), person(given = "Kaspar", family = "Rufibach", role = c("aut", "cre"), email = "[email protected]"), person(given = "Filippo", family = "Santambrogio", role = "aut")) as necessary. Flavors: r-devel-linux-x86_64-debian-clang, r-devel-linux-x86_64-debian-gcc

Version: 1.0.3
Check: Rd files
Result: NOTE checkRd: (-1) minK.Rd:11: Lost braces in \itemize; meant \describe ? checkRd: (-1) minK.Rd:13: Lost braces in \itemize; meant \describe ? checkRd: (-1) minK.Rd:15: Lost braces in \itemize; meant \describe ? Flavors: r-devel-linux-x86_64-debian-clang, r-devel-linux-x86_64-debian-gcc, r-devel-linux-x86_64-fedora-clang, r-devel-linux-x86_64-fedora-gcc, r-devel-windows-x86_64, r-patched-linux-x86_64, r-release-linux-x86_64, r-release-macos-arm64, r-release-macos-x86_64, r-release-windows-x86_64, r-oldrel-macos-arm64, r-oldrel-macos-x86_64, r-oldrel-windows-x86_64