CRAN Package Check Results for Package PLIS

Last updated on 2025-11-05 07:50:53 CET.

Flavor Version Tinstall Tcheck Ttotal Status Flags
r-devel-linux-x86_64-debian-clang 1.2 2.23 24.68 26.91 NOTE
r-devel-linux-x86_64-debian-gcc 1.2 1.63 18.81 20.44 NOTE
r-devel-linux-x86_64-fedora-clang 1.2 40.52 OK
r-devel-linux-x86_64-fedora-gcc 1.2 37.53 OK
r-devel-windows-x86_64 1.2 4.00 39.00 43.00 OK
r-patched-linux-x86_64 1.2 2.13 22.67 24.80 OK
r-release-linux-x86_64 1.2 1.90 22.71 24.61 OK
r-release-macos-arm64 1.2 1.00 17.00 18.00 OK
r-release-macos-x86_64 1.2 2.00 23.00 25.00 OK
r-release-windows-x86_64 1.2 3.00 37.00 40.00 OK
r-oldrel-macos-arm64 1.2 1.00 16.00 17.00 OK
r-oldrel-macos-x86_64 1.2 2.00 20.00 22.00 OK
r-oldrel-windows-x86_64 1.2 3.00 39.00 42.00 OK

Check Details

Version: 1.2
Check: CRAN incoming feasibility
Result: NOTE Maintainer: ‘Zhi Wei <[email protected]>’ No Authors@R field in DESCRIPTION. Please add one, modifying Authors@R: c(person(given = c("Zhi", "Wei", "&", "Wenguang"), family = "Sun", role = "aut"), person(given = "Zhi", family = "Wei", role = "cre", email = "[email protected]")) as necessary. Flavors: r-devel-linux-x86_64-debian-clang, r-devel-linux-x86_64-debian-gcc