Last updated on 2025-11-05 07:50:54 CET.
| Flavor | Version | Tinstall | Tcheck | Ttotal | Status | Flags |
|---|---|---|---|---|---|---|
| r-devel-linux-x86_64-debian-clang | 0.1.0 | 1.90 | 20.10 | 22.00 | NOTE | |
| r-devel-linux-x86_64-debian-gcc | 0.1.0 | 1.54 | 16.30 | 17.84 | NOTE | |
| r-devel-linux-x86_64-fedora-clang | 0.1.0 | 34.08 | OK | |||
| r-devel-linux-x86_64-fedora-gcc | 0.1.0 | 30.99 | OK | |||
| r-devel-windows-x86_64 | 0.1.0 | 3.00 | 41.00 | 44.00 | OK | |
| r-patched-linux-x86_64 | 0.1.0 | 1.82 | 18.64 | 20.46 | OK | |
| r-release-linux-x86_64 | 0.1.0 | 1.90 | 18.73 | 20.63 | OK | |
| r-release-macos-arm64 | 0.1.0 | 1.00 | 16.00 | 17.00 | OK | |
| r-release-macos-x86_64 | 0.1.0 | 3.00 | 30.00 | 33.00 | OK | |
| r-release-windows-x86_64 | 0.1.0 | 3.00 | 37.00 | 40.00 | OK | |
| r-oldrel-macos-arm64 | 0.1.0 | 1.00 | 16.00 | 17.00 | OK | |
| r-oldrel-macos-x86_64 | 0.1.0 | 3.00 | 30.00 | 33.00 | OK | |
| r-oldrel-windows-x86_64 | 0.1.0 | 3.00 | 40.00 | 43.00 | OK |
Version: 0.1.0
Check: CRAN incoming feasibility
Result: NOTE
Maintainer: ‘Haiyan Wang <[email protected]>’
No Authors@R field in DESCRIPTION.
Please add one, modifying
Authors@R: c(person(given = c("Luann", "C."),
family = "Jung",
role = "aut"),
person(given = "Haiyan",
family = "Wang",
role = c("aut", "cre"),
email = "[email protected]"),
person(given = "Diego",
family = "Maldonado",
role = "aut"),
person(given = "Sharad",
family = "Silwal",
role = "aut"),
person(given = "Siti",
family = "Tolos",
role = "aut"),
person(given = "Suojin",
family = "Wang",
role = "aut"))
as necessary.
Flavors: r-devel-linux-x86_64-debian-clang, r-devel-linux-x86_64-debian-gcc