Last updated on 2025-11-05 07:50:52 CET.
| Flavor | Version | Tinstall | Tcheck | Ttotal | Status | Flags |
|---|---|---|---|---|---|---|
| r-devel-linux-x86_64-debian-clang | 2.0 | 1.80 | 18.94 | 20.74 | NOTE | |
| r-devel-linux-x86_64-debian-gcc | 2.0 | 1.58 | 15.40 | 16.98 | NOTE | |
| r-devel-linux-x86_64-fedora-clang | 2.0 | 32.06 | OK | |||
| r-devel-linux-x86_64-fedora-gcc | 2.0 | 29.93 | OK | |||
| r-devel-windows-x86_64 | 2.0 | 3.00 | 39.00 | 42.00 | OK | |
| r-patched-linux-x86_64 | 2.0 | 1.96 | 18.07 | 20.03 | OK | |
| r-release-linux-x86_64 | 2.0 | 1.70 | 17.97 | 19.67 | OK | |
| r-release-macos-arm64 | 2.0 | 1.00 | 13.00 | 14.00 | OK | |
| r-release-macos-x86_64 | 2.0 | 2.00 | 21.00 | 23.00 | OK | |
| r-release-windows-x86_64 | 2.0 | 4.00 | 35.00 | 39.00 | OK | |
| r-oldrel-macos-arm64 | 2.0 | 1.00 | 13.00 | 14.00 | NOTE | |
| r-oldrel-macos-x86_64 | 2.0 | 1.00 | 19.00 | 20.00 | NOTE | |
| r-oldrel-windows-x86_64 | 2.0 | 3.00 | 37.00 | 40.00 | NOTE |
Version: 2.0
Check: CRAN incoming feasibility
Result: NOTE
Maintainer: ‘Ben Derrick <[email protected]>’
No Authors@R field in DESCRIPTION.
Please add one, modifying
Authors@R: person(given = "Ben",
family = "Derrick",
role = c("aut", "cre"),
email = "[email protected]")
as necessary.
Flavors: r-devel-linux-x86_64-debian-clang, r-devel-linux-x86_64-debian-gcc
Version: 2.0
Check: LazyData
Result: NOTE
'LazyData' is specified without a 'data' directory
Flavors: r-oldrel-macos-arm64, r-oldrel-macos-x86_64, r-oldrel-windows-x86_64