CRAN Package Check Results for Package Peacock.test

Last updated on 2025-11-05 07:50:52 CET.

Flavor Version Tinstall Tcheck Ttotal Status Flags
r-devel-linux-x86_64-debian-clang 1.0 1.80 18.25 20.05 NOTE
r-devel-linux-x86_64-debian-gcc 1.0 1.31 15.18 16.49 NOTE
r-devel-linux-x86_64-fedora-clang 1.0 29.77 NOTE
r-devel-linux-x86_64-fedora-gcc 1.0 27.73 NOTE
r-devel-windows-x86_64 1.0 2.00 33.00 35.00 NOTE
r-patched-linux-x86_64 1.0 1.75 17.29 19.04 NOTE
r-release-linux-x86_64 1.0 1.69 17.22 18.91 NOTE
r-release-macos-arm64 1.0 1.00 12.00 13.00 NOTE
r-release-macos-x86_64 1.0 2.00 18.00 20.00 NOTE
r-release-windows-x86_64 1.0 4.00 32.00 36.00 NOTE
r-oldrel-macos-arm64 1.0 1.00 12.00 13.00 NOTE
r-oldrel-macos-x86_64 1.0 1.00 17.00 18.00 NOTE
r-oldrel-windows-x86_64 1.0 3.00 35.00 38.00 NOTE

Check Details

Version: 1.0
Check: CRAN incoming feasibility
Result: NOTE Maintainer: ‘Yuanhui Xiao <[email protected]>’ No Authors@R field in DESCRIPTION. Please add one, modifying Authors@R: person(given = "Yuanhui", family = "Xiao", role = c("aut", "cre"), email = "[email protected]") as necessary. Flavors: r-devel-linux-x86_64-debian-clang, r-devel-linux-x86_64-debian-gcc

Version: 1.0
Check: Rd files
Result: NOTE checkRd: (-1) Peacock.test-package.Rd:28: Escaped LaTeX specials: \_ Flavors: r-devel-linux-x86_64-debian-clang, r-devel-linux-x86_64-debian-gcc, r-devel-linux-x86_64-fedora-clang, r-devel-linux-x86_64-fedora-gcc, r-devel-windows-x86_64, r-patched-linux-x86_64, r-release-linux-x86_64, r-release-macos-arm64, r-release-macos-x86_64, r-release-windows-x86_64, r-oldrel-macos-arm64, r-oldrel-macos-x86_64, r-oldrel-windows-x86_64