CRAN Package Check Results for Package QCEWAS

Last updated on 2025-11-05 07:50:54 CET.

Flavor Version Tinstall Tcheck Ttotal Status Flags
r-devel-linux-x86_64-debian-clang 1.2-3 2.65 26.79 29.44 NOTE
r-devel-linux-x86_64-debian-gcc 1.2-3 2.22 21.36 23.58 NOTE
r-devel-linux-x86_64-fedora-clang 1.2-3 44.34 OK
r-devel-linux-x86_64-fedora-gcc 1.2-3 41.61 OK
r-devel-windows-x86_64 1.2-3 4.00 52.00 56.00 OK
r-patched-linux-x86_64 1.2-3 2.73 25.47 28.20 OK
r-release-linux-x86_64 1.2-3 3.01 25.51 28.52 OK
r-release-macos-arm64 1.2-3 2.00 20.00 22.00 OK
r-release-macos-x86_64 1.2-3 2.00 27.00 29.00 OK
r-release-windows-x86_64 1.2-3 4.00 49.00 53.00 OK
r-oldrel-macos-arm64 1.2-3 2.00 17.00 19.00 OK
r-oldrel-macos-x86_64 1.2-3 2.00 23.00 25.00 OK
r-oldrel-windows-x86_64 1.2-3 4.00 51.00 55.00 OK

Check Details

Version: 1.2-3
Check: CRAN incoming feasibility
Result: NOTE Maintainer: ‘Peter J. van der Most <[email protected]>’ No Authors@R field in DESCRIPTION. Please add one, modifying Authors@R: c(person(given = c("Peter", "J."), family = "van der Most", role = c("aut", "cre"), email = "[email protected]"), person(given = c("Leanne", "K."), family = "Kupers", role = "aut"), person(given = "Ilja", family = "Nolte", role = "aut")) as necessary. Flavors: r-devel-linux-x86_64-debian-clang, r-devel-linux-x86_64-debian-gcc