Last updated on 2025-11-05 07:50:54 CET.
| Flavor | Version | Tinstall | Tcheck | Ttotal | Status | Flags |
|---|---|---|---|---|---|---|
| r-devel-linux-x86_64-debian-clang | 1.0-9 | 12.31 | 56.28 | 68.59 | NOTE | |
| r-devel-linux-x86_64-debian-gcc | 1.0-9 | 8.14 | 38.60 | 46.74 | NOTE | |
| r-devel-linux-x86_64-fedora-clang | 1.0-9 | 24.00 | 81.36 | 105.36 | OK | |
| r-devel-linux-x86_64-fedora-gcc | 1.0-9 | 24.00 | 74.34 | 98.34 | OK | |
| r-devel-windows-x86_64 | 1.0-9 | 11.00 | 69.00 | 80.00 | OK | |
| r-patched-linux-x86_64 | 1.0-9 | 13.60 | 52.26 | 65.86 | OK | |
| r-release-linux-x86_64 | 1.0-9 | 11.90 | 52.45 | 64.35 | OK | |
| r-release-macos-arm64 | 1.0-9 | 7.00 | 26.00 | 33.00 | OK | |
| r-release-macos-x86_64 | 1.0-9 | 12.00 | 42.00 | 54.00 | OK | |
| r-release-windows-x86_64 | 1.0-9 | 13.00 | 66.00 | 79.00 | OK | |
| r-oldrel-macos-arm64 | 1.0-9 | 7.00 | 25.00 | 32.00 | OK | |
| r-oldrel-macos-x86_64 | 1.0-9 | 9.00 | 33.00 | 42.00 | OK | |
| r-oldrel-windows-x86_64 | 1.0-9 | 14.00 | 67.00 | 81.00 | OK |
Version: 1.0-9
Check: CRAN incoming feasibility
Result: NOTE
Maintainer: ‘Peter J. van der Most <[email protected]>’
No Authors@R field in DESCRIPTION.
Please add one, modifying
Authors@R: c(person(given = c("Peter", "J."),
family = "van der Most",
role = c("aut", "cre"),
email = "[email protected]"),
person(given = c("Ilja", "M."),
family = "Nolte",
role = "aut"))
as necessary.
Package CITATION file contains call(s) to old-style citEntry(). Please
use bibentry() instead.
Flavors: r-devel-linux-x86_64-debian-clang, r-devel-linux-x86_64-debian-gcc