Last updated on 2025-11-05 07:50:54 CET.
| Flavor | Version | Tinstall | Tcheck | Ttotal | Status | Flags |
|---|---|---|---|---|---|---|
| r-devel-linux-x86_64-debian-clang | 0.6.0 | 1.91 | 19.45 | 21.36 | NOTE | |
| r-devel-linux-x86_64-debian-gcc | 0.6.0 | 1.36 | 16.36 | 17.72 | NOTE | |
| r-devel-linux-x86_64-fedora-clang | 0.6.0 | 31.33 | OK | |||
| r-devel-linux-x86_64-fedora-gcc | 0.6.0 | 29.61 | OK | |||
| r-devel-windows-x86_64 | 0.6.0 | 3.00 | 34.00 | 37.00 | OK | |
| r-patched-linux-x86_64 | 0.6.0 | 2.00 | 18.17 | 20.17 | OK | |
| r-release-linux-x86_64 | 0.6.0 | 1.94 | 18.20 | 20.14 | OK | |
| r-release-macos-arm64 | 0.6.0 | 1.00 | 14.00 | 15.00 | OK | |
| r-release-macos-x86_64 | 0.6.0 | 2.00 | 20.00 | 22.00 | OK | |
| r-release-windows-x86_64 | 0.6.0 | 3.00 | 33.00 | 36.00 | OK | |
| r-oldrel-macos-arm64 | 0.6.0 | 1.00 | 13.00 | 14.00 | OK | |
| r-oldrel-macos-x86_64 | 0.6.0 | 2.00 | 17.00 | 19.00 | OK | |
| r-oldrel-windows-x86_64 | 0.6.0 | 3.00 | 35.00 | 38.00 | OK |
Version: 0.6.0
Check: CRAN incoming feasibility
Result: NOTE
Maintainer: ‘Yan Li <[email protected]>’
No Authors@R field in DESCRIPTION.
Please add one, modifying
Authors@R: c(person(given = "Yan",
family = "Li",
role = c("aut", "cre", "trl"),
email = "[email protected]"),
person(given = "Matthew",
family = "Sperrin",
role = c("aut", "ctb")),
person(given = "ClinRisk",
family = "Ltd.",
role = "cph"),
person(given = c("Tjeerd", "Pieter"),
family = "van Staa",
role = c("aut", "ths")))
as necessary.
Flavors: r-devel-linux-x86_64-debian-clang, r-devel-linux-x86_64-debian-gcc