CRAN Package Check Results for Package QuantileGradeR

Last updated on 2025-11-05 07:50:54 CET.

Flavor Version Tinstall Tcheck Ttotal Status Flags
r-devel-linux-x86_64-debian-clang 0.1.1 2.04 27.43 29.47 NOTE
r-devel-linux-x86_64-debian-gcc 0.1.1 1.64 19.69 21.33 NOTE
r-devel-linux-x86_64-fedora-clang 0.1.1 45.53 OK
r-devel-linux-x86_64-fedora-gcc 0.1.1 41.17 OK
r-devel-windows-x86_64 0.1.1 3.00 48.00 51.00 OK
r-patched-linux-x86_64 0.1.1 2.23 25.63 27.86 OK
r-release-linux-x86_64 0.1.1 1.89 25.39 27.28 OK
r-release-macos-arm64 0.1.1 1.00 18.00 19.00 OK
r-release-macos-x86_64 0.1.1 2.00 25.00 27.00 OK
r-release-windows-x86_64 0.1.1 4.00 42.00 46.00 OK
r-oldrel-macos-arm64 0.1.1 1.00 17.00 18.00 OK
r-oldrel-macos-x86_64 0.1.1 2.00 24.00 26.00 OK
r-oldrel-windows-x86_64 0.1.1 4.00 43.00 47.00 OK

Check Details

Version: 0.1.1
Check: CRAN incoming feasibility
Result: NOTE Maintainer: ‘Zoe Ashwood <[email protected]>’ No Authors@R field in DESCRIPTION. Please add one, modifying Authors@R: c(person(given = "Zoe", family = "Ashwood", role = c("aut", "cre"), email = "[email protected]"), person(given = "Becky", family = "Elias", role = "aut", email = "[email protected]"), person(given = c("Daniel", "E."), family = "Ho", role = "aut", email = "[email protected]")) as necessary. Flavors: r-devel-linux-x86_64-debian-clang, r-devel-linux-x86_64-debian-gcc