CRAN Package Check Results for Package RApiDatetime

Last updated on 2025-11-05 07:50:54 CET.

Flavor Version Tinstall Tcheck Ttotal Status Flags
r-devel-linux-x86_64-debian-clang 0.0.9 3.34 20.31 23.65 NOTE
r-devel-linux-x86_64-debian-gcc 0.0.9 2.85 16.88 19.73 NOTE
r-devel-linux-x86_64-fedora-clang 0.0.9 33.46 OK
r-devel-linux-x86_64-fedora-gcc 0.0.9 11.00 21.94 32.94 OK
r-patched-linux-x86_64 0.0.9 3.78 18.23 22.01 OK
r-release-linux-x86_64 0.0.9 3.74 18.02 21.76 OK
r-release-macos-arm64 0.0.9 3.00 13.00 16.00 OK
r-release-macos-x86_64 0.0.9 4.00 26.00 30.00 OK
r-oldrel-macos-arm64 0.0.9 3.00 13.00 16.00 OK
r-oldrel-macos-x86_64 0.0.9 4.00 18.00 22.00 OK
r-oldrel-windows-x86_64 0.0.8 8.00 39.00 47.00 NOTE

Check Details

Version: 0.0.9
Check: CRAN incoming feasibility
Result: NOTE Maintainer: ‘Dirk Eddelbuettel <[email protected]>’ No Authors@R field in DESCRIPTION. Please add one, modifying Authors@R: person(given = "Dirk", family = "Eddelbuettel", role = c("aut", "cre"), email = "[email protected]") as necessary. Flavors: r-devel-linux-x86_64-debian-clang, r-devel-linux-x86_64-debian-gcc

Version: 0.0.8
Check: Rd contents
Result: NOTE Auto-generated content requiring editing in Rd file 'RApiDatetime-package.Rd': \references: 'This optional section can contain literature or other refere...' \seealso: 'Optional links to other man pages' \examples: '# Optional simple examples of the most important functions' Flavor: r-oldrel-windows-x86_64