Last updated on 2025-11-05 07:50:55 CET.
| Flavor | Version | Tinstall | Tcheck | Ttotal | Status | Flags |
|---|---|---|---|---|---|---|
| r-devel-linux-x86_64-debian-clang | 0.1 | 2.01 | 20.54 | 22.55 | NOTE | |
| r-devel-linux-x86_64-debian-gcc | 0.1 | 1.68 | 17.04 | 18.72 | NOTE | |
| r-devel-linux-x86_64-fedora-clang | 0.1 | 33.47 | NOTE | |||
| r-devel-linux-x86_64-fedora-gcc | 0.1 | 31.11 | NOTE | |||
| r-devel-windows-x86_64 | 0.1 | 3.00 | 41.00 | 44.00 | NOTE | |
| r-patched-linux-x86_64 | 0.1 | 1.90 | 19.84 | 21.74 | NOTE | |
| r-release-linux-x86_64 | 0.1 | 2.10 | 19.56 | 21.66 | NOTE | |
| r-release-macos-arm64 | 0.1 | 1.00 | 12.00 | 13.00 | NOTE | |
| r-release-macos-x86_64 | 0.1 | 2.00 | 24.00 | 26.00 | NOTE | |
| r-release-windows-x86_64 | 0.1 | 3.00 | 40.00 | 43.00 | NOTE | |
| r-oldrel-macos-arm64 | 0.1 | 1.00 | 13.00 | 14.00 | NOTE | |
| r-oldrel-macos-x86_64 | 0.1 | 2.00 | 20.00 | 22.00 | NOTE | |
| r-oldrel-windows-x86_64 | 0.1 | 3.00 | 42.00 | 45.00 | NOTE |
Version: 0.1
Check: CRAN incoming feasibility
Result: NOTE
Maintainer: ‘Felix Yanhui Fan <[email protected]>’
No Authors@R field in DESCRIPTION.
Please add one, modifying
Authors@R: person(given = c("Felix", "Yanhui"),
family = "Fan",
role = c("aut", "cre"),
email = "[email protected]")
as necessary.
Flavors: r-devel-linux-x86_64-debian-clang, r-devel-linux-x86_64-debian-gcc
Version: 0.1
Check: DESCRIPTION meta-information
Result: NOTE
Malformed Description field: should contain one or more complete sentences.
Flavors: r-devel-linux-x86_64-debian-clang, r-devel-linux-x86_64-debian-gcc, r-devel-linux-x86_64-fedora-clang, r-devel-linux-x86_64-fedora-gcc, r-devel-windows-x86_64, r-patched-linux-x86_64, r-release-linux-x86_64, r-release-macos-arm64, r-release-macos-x86_64, r-release-windows-x86_64, r-oldrel-macos-arm64, r-oldrel-macos-x86_64, r-oldrel-windows-x86_64