Last updated on 2025-11-05 07:50:55 CET.
| Flavor | Version | Tinstall | Tcheck | Ttotal | Status | Flags |
|---|---|---|---|---|---|---|
| r-devel-linux-x86_64-debian-clang | 0.1.1.1 | 3.19 | 30.45 | 33.64 | NOTE | |
| r-devel-linux-x86_64-debian-gcc | 0.1.1.1 | 2.36 | 23.79 | 26.15 | NOTE | |
| r-devel-linux-x86_64-fedora-clang | 0.1.1.1 | 51.14 | OK | |||
| r-devel-linux-x86_64-fedora-gcc | 0.1.1.1 | 48.09 | OK | |||
| r-devel-windows-x86_64 | 0.1.1.1 | 4.00 | 54.00 | 58.00 | OK | |
| r-patched-linux-x86_64 | 0.1.1.1 | 3.80 | 29.88 | 33.68 | OK | |
| r-release-linux-x86_64 | 0.1.1.1 | 3.15 | 29.57 | 32.72 | OK | |
| r-release-macos-arm64 | 0.1.1.1 | 2.00 | 19.00 | 21.00 | OK | |
| r-release-macos-x86_64 | 0.1.1.1 | 4.00 | 38.00 | 42.00 | OK | |
| r-release-windows-x86_64 | 0.1.1.1 | 4.00 | 51.00 | 55.00 | OK | |
| r-oldrel-macos-arm64 | 0.1.1.1 | 1.00 | 18.00 | 19.00 | OK | |
| r-oldrel-macos-x86_64 | 0.1.1.1 | 4.00 | 31.00 | 35.00 | OK | |
| r-oldrel-windows-x86_64 | 0.1.1.1 | 4.00 | 53.00 | 57.00 | OK |
Version: 0.1.1.1
Check: CRAN incoming feasibility
Result: NOTE
Maintainer: ‘Md Ashad Alam <[email protected]>’
No Authors@R field in DESCRIPTION.
Please add one, modifying
Authors@R: person(given = c("Md", "Ashad"),
family = "Alam",
role = c("aut", "cre"),
email = "[email protected]")
as necessary.
Flavors: r-devel-linux-x86_64-debian-clang, r-devel-linux-x86_64-debian-gcc