Last updated on 2025-11-05 07:50:56 CET.
| Flavor | Version | Tinstall | Tcheck | Ttotal | Status | Flags |
|---|---|---|---|---|---|---|
| r-devel-linux-x86_64-debian-clang | 1.0 | 1.45 | 24.70 | 26.15 | NOTE | |
| r-devel-linux-x86_64-debian-gcc | 1.0 | 1.00 | 20.27 | 21.27 | NOTE | |
| r-devel-linux-x86_64-fedora-clang | 1.0 | 38.05 | OK | |||
| r-devel-linux-x86_64-fedora-gcc | 1.0 | 37.05 | OK | |||
| r-devel-windows-x86_64 | 1.0 | 2.00 | 46.00 | 48.00 | OK | |
| r-patched-linux-x86_64 | 1.0 | 1.95 | 23.19 | 25.14 | OK | |
| r-release-linux-x86_64 | 1.0 | 1.38 | 23.29 | 24.67 | OK | |
| r-release-macos-arm64 | 1.0 | 1.00 | 18.00 | 19.00 | OK | |
| r-release-macos-x86_64 | 1.0 | 2.00 | 31.00 | 33.00 | OK | |
| r-release-windows-x86_64 | 1.0 | 3.00 | 45.00 | 48.00 | OK | |
| r-oldrel-macos-arm64 | 1.0 | 1.00 | 16.00 | 17.00 | OK | |
| r-oldrel-macos-x86_64 | 1.0 | 1.00 | 23.00 | 24.00 | OK | |
| r-oldrel-windows-x86_64 | 1.0 | 2.00 | 46.00 | 48.00 | OK |
Version: 1.0
Check: CRAN incoming feasibility
Result: NOTE
Maintainer: ‘Prabhanjan Tattar <[email protected]>’
No Authors@R field in DESCRIPTION.
Please add one, modifying
Authors@R: person(given = "Prabhanjan",
family = "Tattar",
role = c("aut", "cre"),
email = "[email protected]")
as necessary.
Found the following \keyword or \concept entries
which likely give several index terms:
File ‘CART_Dummy.Rd’:
\keyword{CART, partitions}
File ‘CT.Rd’:
\keyword{smoothing, hanning}
File ‘GC.Rd’:
\keyword{Logistic Regression, Credit data}
File ‘octane.Rd’:
\keyword{Histogram, Stem-and-leaf plots}
Flavors: r-devel-linux-x86_64-debian-clang, r-devel-linux-x86_64-debian-gcc