CRAN Package Check Results for Package RSSOP

Last updated on 2025-11-05 07:50:56 CET.

Flavor Version Tinstall Tcheck Ttotal Status Flags
r-devel-linux-x86_64-debian-clang 1.1 2.48 22.71 25.19 NOTE
r-devel-linux-x86_64-debian-gcc 1.1 1.82 18.03 19.85 NOTE
r-devel-linux-x86_64-fedora-clang 1.1 37.06 OK
r-devel-linux-x86_64-fedora-gcc 1.1 34.87 OK
r-devel-windows-x86_64 1.1 4.00 39.00 43.00 OK
r-patched-linux-x86_64 1.1 2.62 21.48 24.10 OK
r-release-linux-x86_64 1.1 2.41 21.21 23.62 OK
r-release-macos-arm64 1.1 1.00 15.00 16.00 OK
r-release-macos-x86_64 1.1 3.00 24.00 27.00 OK
r-release-windows-x86_64 1.1 4.00 36.00 40.00 OK
r-oldrel-macos-arm64 1.1 1.00 15.00 16.00 OK
r-oldrel-macos-x86_64 1.1 2.00 19.00 21.00 OK
r-oldrel-windows-x86_64 1.1 4.00 38.00 42.00 OK

Check Details

Version: 1.1
Check: CRAN incoming feasibility
Result: NOTE Maintainer: ‘Rezgar Arabzadeh <[email protected]>’ No Authors@R field in DESCRIPTION. Please add one, modifying Authors@R: c(person(given = "Rezgar", family = "Arabzadeh", role = c("aut", "cre"), email = "[email protected]"), person(given = "Parisa", family = "Aberi", role = "aut"), person(given = "Kaveh", family = "Panaghi", role = "aut"), person(given = "Shahab", family = "Araghinejad", role = "aut"), person(given = "Majid", family = "Montaseri", role = "aut")) as necessary. Flavors: r-devel-linux-x86_64-debian-clang, r-devel-linux-x86_64-debian-gcc