CRAN Package Check Results for Package RTaxometrics

Last updated on 2025-11-05 07:50:56 CET.

Flavor Version Tinstall Tcheck Ttotal Status Flags
r-devel-linux-x86_64-debian-clang 3.2.1 4.44 30.53 34.97 NOTE
r-devel-linux-x86_64-debian-gcc 3.2.1 2.66 22.94 25.60 NOTE
r-devel-linux-x86_64-fedora-clang 3.2.1 51.34 OK
r-devel-linux-x86_64-fedora-gcc 3.2.1 48.28 OK
r-devel-windows-x86_64 3.2.1 7.00 48.00 55.00 OK
r-patched-linux-x86_64 3.2.1 4.69 28.29 32.98 OK
r-release-linux-x86_64 3.2.1 4.05 28.70 32.75 OK
r-release-macos-arm64 3.2.1 2.00 16.00 18.00 OK
r-release-macos-x86_64 3.2.1 3.00 30.00 33.00 OK
r-release-windows-x86_64 3.2.1 5.00 47.00 52.00 OK
r-oldrel-macos-arm64 3.2.1 2.00 16.00 18.00 OK
r-oldrel-macos-x86_64 3.2.1 3.00 23.00 26.00 OK
r-oldrel-windows-x86_64 3.2.1 5.00 47.00 52.00 OK

Check Details

Version: 3.2.1
Check: CRAN incoming feasibility
Result: NOTE Maintainer: ‘John Ruscio <[email protected]>’ No Authors@R field in DESCRIPTION. Please add one, modifying Authors@R: c(person(given = "John", family = "Ruscio", role = c("aut", "cre"), email = "[email protected]"), person(given = "Shirley", family = "Wang", role = "aut", email = "[email protected]")) as necessary. Flavors: r-devel-linux-x86_64-debian-clang, r-devel-linux-x86_64-debian-gcc