Last updated on 2025-11-05 07:50:55 CET.
| Flavor | Version | Tinstall | Tcheck | Ttotal | Status | Flags |
|---|---|---|---|---|---|---|
| r-devel-linux-x86_64-debian-clang | 2.0 | 2.18 | 25.49 | 27.67 | NOTE | |
| r-devel-linux-x86_64-debian-gcc | 2.0 | 1.64 | 19.80 | 21.44 | NOTE | |
| r-devel-linux-x86_64-fedora-clang | 2.0 | 40.42 | OK | |||
| r-devel-linux-x86_64-fedora-gcc | 2.0 | 38.68 | OK | |||
| r-devel-windows-x86_64 | 2.0 | 3.00 | 39.00 | 42.00 | OK | |
| r-patched-linux-x86_64 | 2.0 | 2.51 | 23.65 | 26.16 | OK | |
| r-release-linux-x86_64 | 2.0 | 2.08 | 23.54 | 25.62 | OK | |
| r-release-macos-arm64 | 2.0 | 1.00 | 15.00 | 16.00 | OK | |
| r-release-macos-x86_64 | 2.0 | 2.00 | 31.00 | 33.00 | OK | |
| r-release-windows-x86_64 | 2.0 | 3.00 | 38.00 | 41.00 | OK | |
| r-oldrel-macos-arm64 | 2.0 | 1.00 | 15.00 | 16.00 | OK | |
| r-oldrel-macos-x86_64 | 2.0 | 2.00 | 22.00 | 24.00 | OK | |
| r-oldrel-windows-x86_64 | 2.0 | 3.00 | 41.00 | 44.00 | OK |
Version: 2.0
Check: CRAN incoming feasibility
Result: NOTE
Maintainer: ‘J.S. Pierre <[email protected]>’
No Authors@R field in DESCRIPTION.
Please add one, modifying
Authors@R: c(person(given = "Jean-Sebastien",
family = "PIERRE",
role = c("aut", "cre")),
person(given = "J.S.",
family = "Pierre",
role = "cre",
email = "[email protected]"))
as necessary.
Flavors: r-devel-linux-x86_64-debian-clang, r-devel-linux-x86_64-debian-gcc