CRAN Package Check Results for Package RenvModule

Last updated on 2025-11-05 07:50:55 CET.

Flavor Version Tinstall Tcheck Ttotal Status Flags
r-devel-linux-x86_64-debian-clang 1.1 2.01 21.49 23.50 NOTE
r-devel-linux-x86_64-debian-gcc 1.1 1.67 17.89 19.56 NOTE
r-devel-linux-x86_64-fedora-clang 1.1 34.31 OK
r-devel-linux-x86_64-fedora-gcc 1.1 32.48 OK
r-devel-windows-x86_64 1.1 4.00 39.00 43.00 OK
r-patched-linux-x86_64 1.1 2.19 20.35 22.54 OK
r-release-linux-x86_64 1.1 2.18 20.46 22.64 OK
r-release-macos-arm64 1.1 1.00 19.00 20.00 OK
r-release-macos-x86_64 1.1 2.00 21.00 23.00 OK
r-release-windows-x86_64 1.1 3.00 37.00 40.00 OK
r-oldrel-macos-arm64 1.1 1.00 13.00 14.00 OK
r-oldrel-macos-x86_64 1.1 2.00 21.00 23.00 OK
r-oldrel-windows-x86_64 1.1 3.00 40.00 43.00 OK

Check Details

Version: 1.1
Check: CRAN incoming feasibility
Result: NOTE Maintainer: ‘Jordan Hayes <[email protected]>’ No Authors@R field in DESCRIPTION. Please add one, modifying Authors@R: person(given = "Jordan", family = "Hayes", role = c("aut", "cre"), email = "[email protected]") as necessary. Flavors: r-devel-linux-x86_64-debian-clang, r-devel-linux-x86_64-debian-gcc