CRAN Package Check Results for Package RiverBuilder

Last updated on 2025-11-05 07:50:55 CET.

Flavor Version Tinstall Tcheck Ttotal Status Flags
r-devel-linux-x86_64-debian-clang 0.1.1 3.17 23.19 26.36 NOTE
r-devel-linux-x86_64-debian-gcc 0.1.1 2.59 18.13 20.72 NOTE
r-devel-linux-x86_64-fedora-clang 0.1.1 40.40 OK
r-devel-linux-x86_64-fedora-gcc 0.1.1 38.04 OK
r-devel-windows-x86_64 0.1.1 4.00 37.00 41.00 OK
r-patched-linux-x86_64 0.1.1 3.04 22.16 25.20 OK
r-release-linux-x86_64 0.1.1 3.03 21.89 24.92 OK
r-release-macos-arm64 0.1.1 2.00 15.00 17.00 OK
r-release-macos-x86_64 0.1.1 4.00 24.00 28.00 OK
r-release-windows-x86_64 0.1.1 5.00 34.00 39.00 OK
r-oldrel-macos-arm64 0.1.1 1.00 13.00 14.00 NOTE
r-oldrel-macos-x86_64 0.1.1 2.00 19.00 21.00 NOTE
r-oldrel-windows-x86_64 0.1.1 4.00 37.00 41.00 NOTE

Check Details

Version: 0.1.1
Check: CRAN incoming feasibility
Result: NOTE Maintainer: ‘Gregory Pasternack <[email protected]>’ No Authors@R field in DESCRIPTION. Please add one, modifying Authors@R: c(person(given = "Gregory", family = "Pasternack", role = c("aut", "cre"), email = "[email protected]"), person(given = "Rafaeli", family = "Arroyo", role = "aut", email = "[email protected]")) as necessary. Flavors: r-devel-linux-x86_64-debian-clang, r-devel-linux-x86_64-debian-gcc

Version: 0.1.1
Check: LazyData
Result: NOTE 'LazyData' is specified without a 'data' directory Flavors: r-oldrel-macos-arm64, r-oldrel-macos-x86_64, r-oldrel-windows-x86_64