Last updated on 2025-11-05 07:50:56 CET.
| Flavor | Version | Tinstall | Tcheck | Ttotal | Status | Flags |
|---|---|---|---|---|---|---|
| r-devel-linux-x86_64-debian-clang | 1.2.0 | 1.77 | 18.08 | 19.85 | NOTE | |
| r-devel-linux-x86_64-debian-gcc | 1.2.0 | 1.44 | 14.94 | 16.38 | NOTE | |
| r-devel-linux-x86_64-fedora-clang | 1.2.0 | 29.05 | OK | |||
| r-devel-linux-x86_64-fedora-gcc | 1.2.0 | 29.10 | OK | |||
| r-devel-windows-x86_64 | 1.2.0 | 3.00 | 32.00 | 35.00 | OK | |
| r-patched-linux-x86_64 | 1.2.0 | 1.72 | 16.97 | 18.69 | OK | |
| r-release-linux-x86_64 | 1.2.0 | 1.73 | 17.08 | 18.81 | OK | |
| r-release-macos-arm64 | 1.2.0 | 1.00 | 13.00 | 14.00 | OK | |
| r-release-macos-x86_64 | 1.2.0 | 2.00 | 20.00 | 22.00 | OK | |
| r-release-windows-x86_64 | 1.2.0 | 3.00 | 32.00 | 35.00 | OK | |
| r-oldrel-macos-arm64 | 1.2.0 | 1.00 | 13.00 | 14.00 | NOTE | |
| r-oldrel-macos-x86_64 | 1.2.0 | 1.00 | 17.00 | 18.00 | NOTE | |
| r-oldrel-windows-x86_64 | 1.2.0 | 2.00 | 34.00 | 36.00 | NOTE |
Version: 1.2.0
Check: CRAN incoming feasibility
Result: NOTE
Maintainer: ‘Santiago I. Hurtado <[email protected]>’
No Authors@R field in DESCRIPTION.
Please add one, modifying
Authors@R: person(given = c("Santiago", "I."),
family = "Hurtado",
role = c("aut", "cre"),
email = "[email protected]")
as necessary.
Flavors: r-devel-linux-x86_64-debian-clang, r-devel-linux-x86_64-debian-gcc
Version: 1.2.0
Check: LazyData
Result: NOTE
'LazyData' is specified without a 'data' directory
Flavors: r-oldrel-macos-arm64, r-oldrel-macos-x86_64, r-oldrel-windows-x86_64