Last updated on 2025-11-05 07:50:56 CET.
| Flavor | Version | Tinstall | Tcheck | Ttotal | Status | Flags |
|---|---|---|---|---|---|---|
| r-devel-linux-x86_64-debian-clang | 2.1 | 2.75 | 41.66 | 44.41 | NOTE | |
| r-devel-linux-x86_64-debian-gcc | 2.1 | 2.07 | 28.45 | 30.52 | NOTE | |
| r-devel-linux-x86_64-fedora-clang | 2.1 | 67.87 | OK | |||
| r-devel-linux-x86_64-fedora-gcc | 2.1 | 66.43 | OK | |||
| r-devel-windows-x86_64 | 2.1 | 4.00 | 53.00 | 57.00 | OK | |
| r-patched-linux-x86_64 | 2.1 | 3.13 | 39.72 | 42.85 | OK | |
| r-release-linux-x86_64 | 2.1 | 2.48 | 39.18 | 41.66 | OK | |
| r-release-macos-arm64 | 2.1 | 2.00 | 20.00 | 22.00 | OK | |
| r-release-macos-x86_64 | 2.1 | 3.00 | 36.00 | 39.00 | OK | |
| r-release-windows-x86_64 | 2.1 | 4.00 | 51.00 | 55.00 | OK | |
| r-oldrel-macos-arm64 | 2.1 | 1.00 | 19.00 | 20.00 | OK | |
| r-oldrel-macos-x86_64 | 2.1 | 3.00 | 36.00 | 39.00 | OK | |
| r-oldrel-windows-x86_64 | 2.1 | 4.00 | 52.00 | 56.00 | OK |
Version: 2.1
Check: CRAN incoming feasibility
Result: NOTE
Maintainer: ‘Asun Lubiano <[email protected]>’
No Authors@R field in DESCRIPTION.
Please add one, modifying
Authors@R: c(person(given = "Wolfgang",
family = "Trutschnig",
role = "aut",
email = "[email protected]"),
person(given = "Asun",
family = "Lubiano",
role = c("aut", "cre"),
email = "[email protected]"))
as necessary.
Flavors: r-devel-linux-x86_64-debian-clang, r-devel-linux-x86_64-debian-gcc