CRAN Package Check Results for Package SCperf

Last updated on 2025-11-05 07:50:57 CET.

Flavor Version Tinstall Tcheck Ttotal Status Flags
r-devel-linux-x86_64-debian-clang 1.1.1 2.04 21.16 23.20 NOTE
r-devel-linux-x86_64-debian-gcc 1.1.1 1.43 17.04 18.47 NOTE
r-devel-linux-x86_64-fedora-clang 1.1.1 33.54 OK
r-devel-linux-x86_64-fedora-gcc 1.1.1 33.79 OK
r-devel-windows-x86_64 1.1.1 3.00 41.00 44.00 OK
r-patched-linux-x86_64 1.1.1 2.26 19.88 22.14 OK
r-release-linux-x86_64 1.1.1 1.90 20.00 21.90 OK
r-release-macos-arm64 1.1.1 1.00 29.00 30.00 OK
r-release-macos-x86_64 1.1.1 2.00 29.00 31.00 OK
r-release-windows-x86_64 1.1.1 3.00 39.00 42.00 OK
r-oldrel-macos-arm64 1.1.1 1.00 13.00 14.00 NOTE
r-oldrel-macos-x86_64 1.1.1 3.00 22.00 25.00 NOTE
r-oldrel-windows-x86_64 1.1.1 3.00 41.00 44.00 NOTE

Check Details

Version: 1.1.1
Check: CRAN incoming feasibility
Result: NOTE Maintainer: ‘Marlene Marchena <[email protected]>’ No Authors@R field in DESCRIPTION. Please add one, modifying Authors@R: person(given = "Marlene", family = "Marchena", role = c("aut", "cre"), email = "[email protected]") as necessary. The Description field contains <arXiv:1009.3977>. Please refer to arXiv e-prints via their arXiv DOI <doi:10.48550/arXiv.YYMM.NNNNN>. Flavors: r-devel-linux-x86_64-debian-clang, r-devel-linux-x86_64-debian-gcc

Version: 1.1.1
Check: LazyData
Result: NOTE 'LazyData' is specified without a 'data' directory Flavors: r-oldrel-macos-arm64, r-oldrel-macos-x86_64, r-oldrel-windows-x86_64