CRAN Package Check Results for Package Sejong

Last updated on 2025-11-05 07:50:57 CET.

Flavor Version Tinstall Tcheck Ttotal Status Flags
r-devel-linux-x86_64-debian-clang 0.01 1.48 13.36 14.84 NOTE
r-devel-linux-x86_64-debian-gcc 0.01 1.31 11.51 12.82 NOTE
r-devel-linux-x86_64-fedora-clang 0.01 21.50 NOTE
r-devel-linux-x86_64-fedora-gcc 0.01 20.70 NOTE
r-devel-windows-x86_64 0.01 2.00 21.00 23.00 NOTE
r-patched-linux-x86_64 0.01 1.47 12.53 14.00 NOTE
r-release-linux-x86_64 0.01 1.51 12.34 13.85 NOTE
r-release-macos-arm64 0.01 1.00 11.00 12.00 NOTE
r-release-macos-x86_64 0.01 1.00 14.00 15.00 NOTE
r-release-windows-x86_64 0.01 2.00 20.00 22.00 NOTE
r-oldrel-macos-arm64 0.01 1.00 10.00 11.00 NOTE
r-oldrel-macos-x86_64 0.01 1.00 14.00 15.00 NOTE
r-oldrel-windows-x86_64 0.01 2.00 23.00 25.00 NOTE

Check Details

Version: 0.01
Check: CRAN incoming feasibility
Result: NOTE Maintainer: ‘Heewon Jeon <[email protected]>’ No Authors@R field in DESCRIPTION. Please add one, modifying Authors@R: person(given = "Heewon", family = "Jeon", role = c("aut", "cre"), email = "[email protected]") as necessary. The Description field contains Sejong(http://www.sejong.or.kr/) corpus and Hannanum(http://semanticweb.kaist.ac.kr/home/index.php/HanNanum) Please enclose URLs in angle brackets (<...>). Flavors: r-devel-linux-x86_64-debian-clang, r-devel-linux-x86_64-debian-gcc

Version: 0.01
Check: DESCRIPTION meta-information
Result: NOTE Malformed Title field: should not end in a period. Malformed Description field: should contain one or more complete sentences. Flavors: r-devel-linux-x86_64-debian-clang, r-devel-linux-x86_64-debian-gcc, r-devel-linux-x86_64-fedora-clang, r-devel-linux-x86_64-fedora-gcc, r-devel-windows-x86_64, r-patched-linux-x86_64, r-release-linux-x86_64, r-release-macos-arm64, r-release-macos-x86_64, r-release-windows-x86_64, r-oldrel-macos-arm64, r-oldrel-macos-x86_64, r-oldrel-windows-x86_64