CRAN Package Check Results for Package SetTest

Last updated on 2025-11-05 07:50:57 CET.

Flavor Version Tinstall Tcheck Ttotal Status Flags
r-devel-linux-x86_64-debian-clang 0.3.0 2.94 25.74 28.68 NOTE
r-devel-linux-x86_64-debian-gcc 0.3.0 2.04 20.08 22.12 NOTE
r-devel-linux-x86_64-fedora-clang 0.3.0 42.35 OK
r-devel-linux-x86_64-fedora-gcc 0.3.0 39.99 OK
r-devel-windows-x86_64 0.3.0 4.00 41.00 45.00 OK
r-patched-linux-x86_64 0.3.0 3.35 24.37 27.72 OK
r-release-linux-x86_64 0.3.0 2.85 24.55 27.40 OK
r-release-macos-arm64 0.3.0 2.00 16.00 18.00 OK
r-release-macos-x86_64 0.3.0 3.00 33.00 36.00 OK
r-release-windows-x86_64 0.3.0 4.00 40.00 44.00 OK
r-oldrel-macos-arm64 0.3.0 1.00 16.00 17.00 OK
r-oldrel-macos-x86_64 0.3.0 4.00 36.00 40.00 OK
r-oldrel-windows-x86_64 0.3.0 5.00 42.00 47.00 OK

Check Details

Version: 0.3.0
Check: CRAN incoming feasibility
Result: NOTE Maintainer: ‘Hong Zhang <[email protected]>’ No Authors@R field in DESCRIPTION. Please add one, modifying Authors@R: c(person(given = "Hong", family = "Zhang", role = c("aut", "cre"), email = "[email protected]"), person(given = "Zheyang", family = "Wu", role = "aut")) as necessary. Flavors: r-devel-linux-x86_64-debian-clang, r-devel-linux-x86_64-debian-gcc