Last updated on 2025-11-05 07:50:58 CET.
| Flavor | Version | Tinstall | Tcheck | Ttotal | Status | Flags |
|---|---|---|---|---|---|---|
| r-devel-linux-x86_64-debian-clang | 2.1.0 | 1.52 | 20.32 | 21.84 | NOTE | |
| r-devel-linux-x86_64-debian-gcc | 2.1.0 | 1.32 | 17.01 | 18.33 | NOTE | |
| r-devel-linux-x86_64-fedora-clang | 2.1.0 | 32.70 | NOTE | |||
| r-devel-linux-x86_64-fedora-gcc | 2.1.0 | 31.07 | NOTE | |||
| r-devel-windows-x86_64 | 2.1.0 | 3.00 | 35.00 | 38.00 | NOTE | |
| r-patched-linux-x86_64 | 2.1.0 | 1.80 | 19.17 | 20.97 | NOTE | |
| r-release-linux-x86_64 | 2.1.0 | 1.70 | 19.10 | 20.80 | NOTE | |
| r-release-macos-arm64 | 2.1.0 | 1.00 | 14.00 | 15.00 | NOTE | |
| r-release-macos-x86_64 | 2.1.0 | 2.00 | 21.00 | 23.00 | NOTE | |
| r-release-windows-x86_64 | 2.1.0 | 4.00 | 35.00 | 39.00 | NOTE | |
| r-oldrel-macos-arm64 | 2.1.0 | 1.00 | 11.00 | 12.00 | NOTE | |
| r-oldrel-macos-x86_64 | 2.1.0 | 1.00 | 20.00 | 21.00 | NOTE | |
| r-oldrel-windows-x86_64 | 2.1.0 | 3.00 | 37.00 | 40.00 | NOTE |
Version: 2.1.0
Check: CRAN incoming feasibility
Result: NOTE
Maintainer: ‘Hector Haffenden <[email protected]>’
No Authors@R field in DESCRIPTION.
Please add one, modifying
Authors@R: person(given = "Hector",
family = "haffenden",
role = c("aut", "cre"),
email = "[email protected]")
as necessary.
Flavors: r-devel-linux-x86_64-debian-clang, r-devel-linux-x86_64-debian-gcc
Version: 2.1.0
Check: Rd files
Result: NOTE
checkRd: (-1) SnakesAndLaddersGame.Rd:25: Lost braces; missing escapes or markup?
25 | {Hector Haffenden} {[email protected]}
| ^
Flavors: r-devel-linux-x86_64-debian-clang, r-devel-linux-x86_64-debian-gcc, r-devel-linux-x86_64-fedora-clang, r-devel-linux-x86_64-fedora-gcc, r-devel-windows-x86_64, r-patched-linux-x86_64, r-release-linux-x86_64, r-release-macos-arm64, r-release-macos-x86_64, r-release-windows-x86_64, r-oldrel-macos-arm64, r-oldrel-macos-x86_64, r-oldrel-windows-x86_64
Version: 2.1.0
Check: LazyData
Result: NOTE
'LazyData' is specified without a 'data' directory
Flavors: r-oldrel-macos-arm64, r-oldrel-macos-x86_64, r-oldrel-windows-x86_64