CRAN Package Check Results for Package StressStrength

Last updated on 2025-11-05 07:50:59 CET.

Flavor Version Tinstall Tcheck Ttotal Status Flags
r-devel-linux-x86_64-debian-clang 1.0.2 1.71 20.34 22.05 NOTE
r-devel-linux-x86_64-debian-gcc 1.0.2 1.49 16.15 17.64 NOTE
r-devel-linux-x86_64-fedora-clang 1.0.2 32.25 OK
r-devel-linux-x86_64-fedora-gcc 1.0.2 30.56 OK
r-devel-windows-x86_64 1.0.2 5.00 35.00 40.00 OK
r-patched-linux-x86_64 1.0.2 2.06 18.89 20.95 OK
r-release-linux-x86_64 1.0.2 1.69 19.00 20.69 OK
r-release-macos-arm64 1.0.2 1.00 15.00 16.00 OK
r-release-macos-x86_64 1.0.2 2.00 20.00 22.00 OK
r-release-windows-x86_64 1.0.2 3.00 34.00 37.00 OK
r-oldrel-macos-arm64 1.0.2 1.00 13.00 14.00 OK
r-oldrel-macos-x86_64 1.0.2 2.00 18.00 20.00 OK
r-oldrel-windows-x86_64 1.0.2 2.00 35.00 37.00 OK

Check Details

Version: 1.0.2
Check: CRAN incoming feasibility
Result: NOTE Maintainer: ‘Alessandro Barbiero <[email protected]>’ No Authors@R field in DESCRIPTION. Please add one, modifying Authors@R: c(person(given = "Alessandro", family = "Barbiero", role = c("aut", "cre"), email = "[email protected]"), person(given = "Riccardo", family = "Inchingolo", role = "aut", email = "[email protected]")) as necessary. Flavors: r-devel-linux-x86_64-debian-clang, r-devel-linux-x86_64-debian-gcc