Last updated on 2025-11-05 07:51:00 CET.
| Flavor | Version | Tinstall | Tcheck | Ttotal | Status | Flags |
|---|---|---|---|---|---|---|
| r-devel-linux-x86_64-debian-clang | 1.0.0 | 2.28 | 35.19 | 37.47 | NOTE | |
| r-devel-linux-x86_64-debian-gcc | 1.0.0 | 1.75 | 24.28 | 26.03 | NOTE | |
| r-devel-linux-x86_64-fedora-clang | 1.0.0 | 55.70 | OK | |||
| r-devel-linux-x86_64-fedora-gcc | 1.0.0 | 53.70 | OK | |||
| r-devel-windows-x86_64 | 1.0.0 | 4.00 | 51.00 | 55.00 | OK | |
| r-patched-linux-x86_64 | 1.0.0 | 2.39 | 33.10 | 35.49 | OK | |
| r-release-linux-x86_64 | 1.0.0 | 2.27 | 32.12 | 34.39 | OK | |
| r-release-macos-arm64 | 1.0.0 | 1.00 | 20.00 | 21.00 | OK | |
| r-release-macos-x86_64 | 1.0.0 | 2.00 | 32.00 | 34.00 | OK | |
| r-release-windows-x86_64 | 1.0.0 | 3.00 | 49.00 | 52.00 | OK | |
| r-oldrel-macos-arm64 | 1.0.0 | 1.00 | 19.00 | 20.00 | OK | |
| r-oldrel-macos-x86_64 | 1.0.0 | 2.00 | 25.00 | 27.00 | OK | |
| r-oldrel-windows-x86_64 | 1.0.0 | 4.00 | 141.00 | 145.00 | OK |
Version: 1.0.0
Check: CRAN incoming feasibility
Result: NOTE
Maintainer: ‘Alessio Locallo <[email protected]>’
No Authors@R field in DESCRIPTION.
Please add one, modifying
Authors@R: c(person(given = "Alessio",
family = "Locallo",
role = c("aut", "cre"),
email = "[email protected]"),
person(given = "Davide",
family = "Prandi",
role = "aut",
email = "[email protected]"),
person(given = "Francesca",
family = "Demichelis",
role = "aut",
email = "[email protected]"))
as necessary.
Flavors: r-devel-linux-x86_64-debian-clang, r-devel-linux-x86_64-debian-gcc