CRAN Package Check Results for Package TSSS

Last updated on 2025-11-05 07:51:00 CET.

Flavor Version Tinstall Tcheck Ttotal Status Flags
r-devel-linux-x86_64-debian-clang 1.3.4-5 22.95 49.92 72.87 NOTE
r-devel-linux-x86_64-debian-gcc 1.3.4-5 13.69 35.64 49.33 NOTE
r-devel-linux-x86_64-fedora-clang 1.3.4-5 47.00 60.88 107.88 OK
r-devel-linux-x86_64-fedora-gcc 1.3.4-5 44.00 58.13 102.13 OK
r-devel-windows-x86_64 1.3.4-5 32.00 239.00 271.00 OK
r-patched-linux-x86_64 1.3.4-5 19.73 46.71 66.44 OK
r-release-linux-x86_64 1.3.4-5 17.76 46.98 64.74 OK
r-release-macos-arm64 1.3.4-5 14.00 24.00 38.00 OK
r-release-macos-x86_64 1.3.4-5 12.00 43.00 55.00 OK
r-release-windows-x86_64 1.3.4-5 32.00 244.00 276.00 OK
r-oldrel-macos-arm64 1.3.4-5 11.00 23.00 34.00 OK
r-oldrel-macos-x86_64 1.3.4-5 10.00 34.00 44.00 OK
r-oldrel-windows-x86_64 1.3.4-5 29.00 77.00 106.00 OK

Check Details

Version: 1.3.4-5
Check: CRAN incoming feasibility
Result: NOTE Maintainer: ‘Masami Saga <[email protected]>’ No Authors@R field in DESCRIPTION. Please add one, modifying Authors@R: c(person(given = c("The", "Institute", "of", "Statistical"), family = "Mathematics", role = "aut"), person(given = c("based", "on", "the", "program", "by", "Genshiro"), family = "Kitagawa", role = "aut"), person(given = "Masami", family = "Saga", role = "cre", email = "[email protected]")) as necessary. Flavors: r-devel-linux-x86_64-debian-clang, r-devel-linux-x86_64-debian-gcc