Last updated on 2025-11-05 07:51:00 CET.
| Flavor | Version | Tinstall | Tcheck | Ttotal | Status | Flags |
|---|---|---|---|---|---|---|
| r-devel-linux-x86_64-debian-clang | 0.1.1 | 1.72 | 17.97 | 19.69 | OK | |
| r-devel-linux-x86_64-debian-gcc | 0.1.1 | 1.38 | 15.01 | 16.39 | OK | |
| r-devel-linux-x86_64-fedora-clang | 0.1.1 | 28.89 | OK | |||
| r-devel-linux-x86_64-fedora-gcc | 0.1.1 | 27.43 | OK | |||
| r-devel-windows-x86_64 | 0.1.1 | 3.00 | 123.00 | 126.00 | OK | |
| r-patched-linux-x86_64 | 0.1.1 | 1.71 | 17.00 | 18.71 | OK | |
| r-release-linux-x86_64 | 0.1.1 | 1.66 | 16.82 | 18.48 | OK | |
| r-release-macos-arm64 | 0.1.1 | 1.00 | 12.00 | 13.00 | OK | |
| r-release-macos-x86_64 | 0.1.1 | 2.00 | 18.00 | 20.00 | OK | |
| r-release-windows-x86_64 | 0.1.1 | 2.00 | 124.00 | 126.00 | OK | |
| r-oldrel-macos-arm64 | 0.1.1 | 1.00 | 12.00 | 13.00 | NOTE | |
| r-oldrel-macos-x86_64 | 0.1.1 | 1.00 | 17.00 | 18.00 | NOTE | |
| r-oldrel-windows-x86_64 | 0.1.1 | 2.00 | 36.00 | 38.00 | NOTE |
Version: 0.1.1
Check: LazyData
Result: NOTE
'LazyData' is specified without a 'data' directory
Flavors: r-oldrel-macos-arm64, r-oldrel-macos-x86_64, r-oldrel-windows-x86_64