Last updated on 2025-11-05 07:50:59 CET.
| Flavor | Version | Tinstall | Tcheck | Ttotal | Status | Flags |
|---|---|---|---|---|---|---|
| r-devel-linux-x86_64-debian-clang | 0.2.0 | 1.67 | 19.58 | 21.25 | NOTE | |
| r-devel-linux-x86_64-debian-gcc | 0.2.0 | 1.30 | 16.16 | 17.46 | NOTE | |
| r-devel-linux-x86_64-fedora-clang | 0.2.0 | 30.35 | OK | |||
| r-devel-linux-x86_64-fedora-gcc | 0.2.0 | 29.11 | OK | |||
| r-devel-windows-x86_64 | 0.2.0 | 3.00 | 40.00 | 43.00 | OK | |
| r-patched-linux-x86_64 | 0.2.0 | 1.83 | 18.87 | 20.70 | OK | |
| r-release-linux-x86_64 | 0.2.0 | 1.64 | 18.64 | 20.28 | OK | |
| r-release-macos-arm64 | 0.2.0 | 1.00 | 15.00 | 16.00 | OK | |
| r-release-macos-x86_64 | 0.2.0 | 2.00 | 22.00 | 24.00 | OK | |
| r-release-windows-x86_64 | 0.2.0 | 3.00 | 39.00 | 42.00 | OK | |
| r-oldrel-macos-arm64 | 0.2.0 | 1.00 | 13.00 | 14.00 | NOTE | |
| r-oldrel-macos-x86_64 | 0.2.0 | 2.00 | 18.00 | 20.00 | NOTE | |
| r-oldrel-windows-x86_64 | 0.2.0 | 2.00 | 41.00 | 43.00 | NOTE |
Version: 0.2.0
Check: CRAN incoming feasibility
Result: NOTE
Maintainer: ‘Francisco Jablinski Castelhano <[email protected]>’
No Authors@R field in DESCRIPTION.
Please add one, modifying
Authors@R: c(person(given = c("Francisco", "Jablinski", "Castelhano/Laboclima", "-", "Universidade", "Federal", "do"),
family = "Paraná",
role = "aut"),
person(given = c("Francisco", "Jablinski"),
family = "Castelhano",
role = "cre",
email = "[email protected]"))
as necessary.
Flavors: r-devel-linux-x86_64-debian-clang, r-devel-linux-x86_64-debian-gcc
Version: 0.2.0
Check: LazyData
Result: NOTE
'LazyData' is specified without a 'data' directory
Flavors: r-oldrel-macos-arm64, r-oldrel-macos-x86_64, r-oldrel-windows-x86_64