CRAN Package Check Results for Package TmCalculator

Last updated on 2025-11-05 07:51:00 CET.

Flavor Version Tinstall Tcheck Ttotal Status Flags
r-devel-linux-x86_64-debian-clang 1.0.3 2.56 22.25 24.81 NOTE
r-devel-linux-x86_64-debian-gcc 1.0.3 2.10 17.24 19.34 NOTE
r-devel-linux-x86_64-fedora-clang 1.0.3 36.88 OK
r-devel-linux-x86_64-fedora-gcc 1.0.3 34.83 OK
r-devel-windows-x86_64 1.0.3 6.00 40.00 46.00 OK
r-patched-linux-x86_64 1.0.3 2.66 21.12 23.78 OK
r-release-linux-x86_64 1.0.3 2.59 20.73 23.32 OK
r-release-macos-arm64 1.0.3 1.00 14.00 15.00 OK
r-release-macos-x86_64 1.0.3 2.00 22.00 24.00 OK
r-release-windows-x86_64 1.0.3 4.00 37.00 41.00 OK
r-oldrel-macos-arm64 1.0.3 1.00 14.00 15.00 OK
r-oldrel-macos-x86_64 1.0.3 2.00 18.00 20.00 OK
r-oldrel-windows-x86_64 1.0.3 3.00 41.00 44.00 OK

Check Details

Version: 1.0.3
Check: CRAN incoming feasibility
Result: NOTE Maintainer: ‘Junhui Li <[email protected]>’ No Authors@R field in DESCRIPTION. Please add one, modifying Authors@R: person(given = "Junhui", family = "Li", role = c("aut", "cre"), email = "[email protected]") as necessary. Flavors: r-devel-linux-x86_64-debian-clang, r-devel-linux-x86_64-debian-gcc