CRAN Package Check Results for Package TransP

Last updated on 2025-11-05 07:51:00 CET.

Flavor Version Tinstall Tcheck Ttotal Status Flags
r-devel-linux-x86_64-debian-clang 0.1 1.69 19.60 21.29 NOTE
r-devel-linux-x86_64-debian-gcc 0.1 1.42 15.90 17.32 NOTE
r-devel-linux-x86_64-fedora-clang 0.1 30.41 OK
r-devel-linux-x86_64-fedora-gcc 0.1 28.68 OK
r-devel-windows-x86_64 0.1 3.00 38.00 41.00 OK
r-patched-linux-x86_64 0.1 1.72 18.55 20.27 OK
r-release-linux-x86_64 0.1 1.59 18.54 20.13 OK
r-release-macos-arm64 0.1 1.00 16.00 17.00 OK
r-release-macos-x86_64 0.1 1.00 22.00 23.00 OK
r-release-windows-x86_64 0.1 2.00 39.00 41.00 OK
r-oldrel-macos-arm64 0.1 1.00 22.00 23.00 OK
r-oldrel-macos-x86_64 0.1 1.00 18.00 19.00 OK
r-oldrel-windows-x86_64 0.1 2.00 41.00 43.00 OK

Check Details

Version: 0.1
Check: CRAN incoming feasibility
Result: NOTE Maintainer: ‘Somenath Sit <[email protected]>’ No Authors@R field in DESCRIPTION. Please add one, modifying Authors@R: person(given = "Somenath", family = "Sit", role = c("aut", "cre"), email = "[email protected]") as necessary. Flavors: r-devel-linux-x86_64-debian-clang, r-devel-linux-x86_64-debian-gcc