CRAN Package Check Results for Package TrioSGL

Last updated on 2025-11-05 07:51:00 CET.

Flavor Version Tinstall Tcheck Ttotal Status Flags
r-devel-linux-x86_64-debian-clang 1.1.0 3.46 21.42 24.88 NOTE
r-devel-linux-x86_64-debian-gcc 1.1.0 2.65 17.77 20.42 NOTE
r-devel-linux-x86_64-fedora-clang 1.1.0 37.73 OK
r-devel-linux-x86_64-fedora-gcc 1.1.0 33.93 OK
r-devel-windows-x86_64 1.1.0 7.00 46.00 53.00 OK
r-patched-linux-x86_64 1.1.0 3.32 19.86 23.18 OK
r-release-linux-x86_64 1.1.0 3.19 19.69 22.88 OK
r-release-macos-arm64 1.1.0 3.00 13.00 16.00 OK
r-release-macos-x86_64 1.1.0 5.00 23.00 28.00 OK
r-release-windows-x86_64 1.1.0 7.00 45.00 52.00 OK
r-oldrel-macos-arm64 1.1.0 2.00 13.00 15.00 OK
r-oldrel-macos-x86_64 1.1.0 3.00 21.00 24.00 OK
r-oldrel-windows-x86_64 1.1.0 6.00 46.00 52.00 OK

Check Details

Version: 1.1.0
Check: CRAN incoming feasibility
Result: NOTE Maintainer: ‘Timo Stöcker <[email protected]>’ No Authors@R field in DESCRIPTION. Please add one, modifying Authors@R: c(person(given = "Timo", family = "Stöcker", role = c("aut", "cre"), email = "[email protected]"), person(given = "Noah", family = "Simon", role = "aut"), person(given = "Jerome", family = "Friedman", role = "aut"), person(given = "Trevor", family = "Hastie", role = "aut"), person(given = "Rob", family = "Tibshirani", role = "aut")) as necessary. Flavors: r-devel-linux-x86_64-debian-clang, r-devel-linux-x86_64-debian-gcc