CRAN Package Check Results for Package UBCRM

Last updated on 2025-11-05 07:51:01 CET.

Flavor Version Tinstall Tcheck Ttotal Status Flags
r-devel-linux-x86_64-debian-clang 1.0.3 2.38 26.96 29.34 NOTE
r-devel-linux-x86_64-debian-gcc 1.0.3 1.70 20.74 22.44 NOTE
r-devel-linux-x86_64-fedora-clang 1.0.3 44.15 OK
r-devel-linux-x86_64-fedora-gcc 1.0.3 41.68 OK
r-devel-windows-x86_64 1.0.3 3.00 41.00 44.00 OK
r-patched-linux-x86_64 1.0.3 2.39 25.44 27.83 OK
r-release-linux-x86_64 1.0.3 2.20 25.34 27.54 OK
r-release-macos-arm64 1.0.3 2.00 17.00 19.00 OK
r-release-macos-x86_64 1.0.3 2.00 26.00 28.00 OK
r-release-windows-x86_64 1.0.3 4.00 42.00 46.00 OK
r-oldrel-macos-arm64 1.0.3 1.00 17.00 18.00 OK
r-oldrel-macos-x86_64 1.0.3 2.00 20.00 22.00 OK
r-oldrel-windows-x86_64 1.0.3 6.00 44.00 50.00 OK

Check Details

Version: 1.0.3
Check: CRAN incoming feasibility
Result: NOTE Maintainer: ‘Christophe Zemmour <[email protected]>’ No Authors@R field in DESCRIPTION. Please add one, modifying Authors@R: c(person(given = c("Benjamin", "Esterni", "with", "contribution", "from", "Baboukar"), family = "Mane", role = "aut"), person(given = "Christophe", family = "Zemmour", role = "cre", email = "[email protected]")) as necessary. Flavors: r-devel-linux-x86_64-debian-clang, r-devel-linux-x86_64-debian-gcc