Last updated on 2025-11-05 07:51:01 CET.
| Flavor | Version | Tinstall | Tcheck | Ttotal | Status | Flags |
|---|---|---|---|---|---|---|
| r-devel-linux-x86_64-debian-clang | 1.0.0 | 1.70 | 19.42 | 21.12 | NOTE | |
| r-devel-linux-x86_64-debian-gcc | 1.0.0 | 1.45 | 16.36 | 17.81 | NOTE | |
| r-devel-linux-x86_64-fedora-clang | 1.0.0 | 31.94 | OK | |||
| r-devel-linux-x86_64-fedora-gcc | 1.0.0 | 30.52 | OK | |||
| r-devel-windows-x86_64 | 1.0.0 | 2.00 | 39.00 | 41.00 | OK | |
| r-patched-linux-x86_64 | 1.0.0 | 1.60 | 18.30 | 19.90 | OK | |
| r-release-linux-x86_64 | 1.0.0 | 1.70 | 18.46 | 20.16 | OK | |
| r-release-macos-arm64 | 1.0.0 | 1.00 | 12.00 | 13.00 | OK | |
| r-release-macos-x86_64 | 1.0.0 | 1.00 | 21.00 | 22.00 | OK | |
| r-release-windows-x86_64 | 1.0.0 | 3.00 | 37.00 | 40.00 | OK | |
| r-oldrel-macos-arm64 | 1.0.0 | 1.00 | 14.00 | 15.00 | OK | |
| r-oldrel-macos-x86_64 | 1.0.0 | 1.00 | 19.00 | 20.00 | OK | |
| r-oldrel-windows-x86_64 | 1.0.0 | 4.00 | 39.00 | 43.00 | OK |
Version: 1.0.0
Check: CRAN incoming feasibility
Result: NOTE
Maintainer: ‘Luc Duchateau <[email protected]>’
No Authors@R field in DESCRIPTION.
Please add one, modifying
Authors@R: c(person(given = "Hans",
family = "Laevens",
role = "aut"),
person(given = "Luc",
family = "Duchateau",
role = c("aut", "cre"),
email = "[email protected]"),
person(given = "Klara",
family = "Goethals",
role = "aut"),
person(given = "Ewoud",
family = "De Troyer",
role = "aut"),
person(given = "Paul",
family = "Janssen",
role = "aut"))
as necessary.
Flavors: r-devel-linux-x86_64-debian-clang, r-devel-linux-x86_64-debian-gcc