CRAN Package Check Results for Package UnitCircle

Last updated on 2025-11-05 07:51:01 CET.

Flavor Version Tinstall Tcheck Ttotal Status Flags
r-devel-linux-x86_64-debian-clang 0.1.3 1.49 17.54 19.03 NOTE
r-devel-linux-x86_64-debian-gcc 0.1.3 1.32 14.69 16.01 NOTE
r-devel-linux-x86_64-fedora-clang 0.1.3 28.20 OK
r-devel-linux-x86_64-fedora-gcc 0.1.3 27.49 OK
r-devel-windows-x86_64 0.1.3 4.00 32.00 36.00 OK
r-patched-linux-x86_64 0.1.3 1.42 16.53 17.95 OK
r-release-linux-x86_64 0.1.3 1.44 16.47 17.91 OK
r-release-macos-arm64 0.1.3 1.00 12.00 13.00 OK
r-release-macos-x86_64 0.1.3 2.00 21.00 23.00 OK
r-release-windows-x86_64 0.1.3 3.00 33.00 36.00 OK
r-oldrel-macos-arm64 0.1.3 1.00 11.00 12.00 OK
r-oldrel-macos-x86_64 0.1.3 1.00 17.00 18.00 OK
r-oldrel-windows-x86_64 0.1.3 2.00 34.00 36.00 OK

Check Details

Version: 0.1.3
Check: CRAN incoming feasibility
Result: NOTE Maintainer: ‘Jonathan Berrisch <[email protected]>’ No Authors@R field in DESCRIPTION. Please add one, modifying Authors@R: person(given = "Jonathan", family = "Berrisch", role = c("aut", "cre"), email = "[email protected]") as necessary. Flavors: r-devel-linux-x86_64-debian-clang, r-devel-linux-x86_64-debian-gcc