CRAN Package Check Results for Package VarED

Last updated on 2025-11-05 07:51:01 CET.

Flavor Version Tinstall Tcheck Ttotal Status Flags
r-devel-linux-x86_64-debian-clang 1.0.0 1.68 17.70 19.38 NOTE
r-devel-linux-x86_64-debian-gcc 1.0.0 1.44 14.99 16.43 NOTE
r-devel-linux-x86_64-fedora-clang 1.0.0 28.45 OK
r-devel-linux-x86_64-fedora-gcc 1.0.0 28.00 OK
r-devel-windows-x86_64 1.0.0 3.00 32.00 35.00 OK
r-patched-linux-x86_64 1.0.0 1.55 16.96 18.51 OK
r-release-linux-x86_64 1.0.0 1.68 17.05 18.73 OK
r-release-macos-arm64 1.0.0 1.00 12.00 13.00 OK
r-release-macos-x86_64 1.0.0 1.00 19.00 20.00 OK
r-release-windows-x86_64 1.0.0 2.00 33.00 35.00 OK
r-oldrel-macos-arm64 1.0.0 1.00 11.00 12.00 OK
r-oldrel-macos-x86_64 1.0.0 1.00 17.00 18.00 OK
r-oldrel-windows-x86_64 1.0.0 3.00 34.00 37.00 OK

Check Details

Version: 1.0.0
Check: CRAN incoming feasibility
Result: NOTE Maintainer: ‘Wenlin Dai <[email protected]>’ No Authors@R field in DESCRIPTION. Please add one, modifying Authors@R: c(person(given = "Wenlin", family = "Dai", role = c("aut", "cre"), email = "[email protected]"), person(given = "Tiejun", family = "Tong.", role = "aut", email = "[email protected]")) as necessary. Flavors: r-devel-linux-x86_64-debian-clang, r-devel-linux-x86_64-debian-gcc