CRAN Package Check Results for Package ampd

Last updated on 2025-11-05 07:50:37 CET.

Flavor Version Tinstall Tcheck Ttotal Status Flags
r-devel-linux-x86_64-debian-clang 0.2 1.52 18.03 19.55 NOTE
r-devel-linux-x86_64-debian-gcc 0.2 1.43 15.22 16.65 NOTE
r-devel-linux-x86_64-fedora-clang 0.2 28.82 OK
r-devel-linux-x86_64-fedora-gcc 0.2 27.27 OK
r-devel-windows-x86_64 0.2 2.00 33.00 35.00 OK
r-patched-linux-x86_64 0.2 1.52 16.95 18.47 OK
r-release-linux-x86_64 0.2 1.45 17.07 18.52 OK
r-release-macos-arm64 0.2 1.00 14.00 15.00 OK
r-release-macos-x86_64 0.2 2.00 21.00 23.00 OK
r-release-windows-x86_64 0.2 3.00 33.00 36.00 OK
r-oldrel-macos-arm64 0.2 1.00 17.00 18.00 NOTE
r-oldrel-macos-x86_64 0.2 1.00 18.00 19.00 NOTE
r-oldrel-windows-x86_64 0.2 3.00 34.00 37.00 NOTE

Check Details

Version: 0.2
Check: CRAN incoming feasibility
Result: NOTE Maintainer: ‘Oliver Sieber <[email protected]>’ No Authors@R field in DESCRIPTION. Please add one, modifying Authors@R: c(person(given = "Felix", family = "Scholkmann", role = "aut", email = "[email protected]"), person(given = "Oliver", family = "Sieber", role = "cre", email = "[email protected]")) as necessary. Flavors: r-devel-linux-x86_64-debian-clang, r-devel-linux-x86_64-debian-gcc

Version: 0.2
Check: LazyData
Result: NOTE 'LazyData' is specified without a 'data' directory Flavors: r-oldrel-macos-arm64, r-oldrel-macos-x86_64, r-oldrel-windows-x86_64