Last updated on 2025-11-05 07:50:37 CET.
| Flavor | Version | Tinstall | Tcheck | Ttotal | Status | Flags |
|---|---|---|---|---|---|---|
| r-devel-linux-x86_64-debian-clang | 1.3 | 2.50 | 22.74 | 25.24 | NOTE | |
| r-devel-linux-x86_64-debian-gcc | 1.3 | 1.73 | 18.27 | 20.00 | NOTE | |
| r-devel-linux-x86_64-fedora-clang | 1.3 | 36.22 | OK | |||
| r-devel-linux-x86_64-fedora-gcc | 1.3 | 34.72 | OK | |||
| r-devel-windows-x86_64 | 1.3 | 3.00 | 39.00 | 42.00 | OK | |
| r-patched-linux-x86_64 | 1.3 | 2.46 | 21.37 | 23.83 | OK | |
| r-release-linux-x86_64 | 1.3 | 2.06 | 21.27 | 23.33 | OK | |
| r-release-macos-arm64 | 1.3 | 1.00 | 15.00 | 16.00 | OK | |
| r-release-macos-x86_64 | 1.3 | 2.00 | 23.00 | 25.00 | OK | |
| r-release-windows-x86_64 | 1.3 | 3.00 | 38.00 | 41.00 | OK | |
| r-oldrel-macos-arm64 | 1.3 | 1.00 | 21.00 | 22.00 | OK | |
| r-oldrel-macos-x86_64 | 1.3 | 2.00 | 24.00 | 26.00 | OK | |
| r-oldrel-windows-x86_64 | 1.3 | 4.00 | 40.00 | 44.00 | OK |
Version: 1.3
Check: CRAN incoming feasibility
Result: NOTE
Maintainer: ‘Rich Nielsen <[email protected]>’
No Authors@R field in DESCRIPTION.
Please add one, modifying
Authors@R: person(given = "Rich",
family = "Nielsen",
role = c("aut", "cre"),
email = "[email protected]")
as necessary.
Flavors: r-devel-linux-x86_64-debian-clang, r-devel-linux-x86_64-debian-gcc