Last updated on 2025-11-05 07:50:37 CET.
| Flavor | Version | Tinstall | Tcheck | Ttotal | Status | Flags |
|---|---|---|---|---|---|---|
| r-devel-linux-x86_64-debian-clang | 0.1.4 | 1.59 | 23.35 | 24.94 | NOTE | |
| r-devel-linux-x86_64-debian-gcc | 0.1.4 | 1.43 | 18.92 | 20.35 | NOTE | |
| r-devel-linux-x86_64-fedora-clang | 0.1.4 | 36.96 | OK | |||
| r-devel-linux-x86_64-fedora-gcc | 0.1.4 | 33.79 | OK | |||
| r-devel-windows-x86_64 | 0.1.4 | 3.00 | 43.00 | 46.00 | OK | |
| r-patched-linux-x86_64 | 0.1.4 | 1.82 | 22.18 | 24.00 | OK | |
| r-release-linux-x86_64 | 0.1.4 | 1.67 | 22.14 | 23.81 | OK | |
| r-release-macos-arm64 | 0.1.4 | 1.00 | 16.00 | 17.00 | OK | |
| r-release-macos-x86_64 | 0.1.4 | 2.00 | 23.00 | 25.00 | OK | |
| r-release-windows-x86_64 | 0.1.4 | 3.00 | 43.00 | 46.00 | OK | |
| r-oldrel-macos-arm64 | 0.1.4 | 1.00 | 20.00 | 21.00 | OK | |
| r-oldrel-macos-x86_64 | 0.1.4 | 2.00 | 20.00 | 22.00 | OK | |
| r-oldrel-windows-x86_64 | 0.1.4 | 3.00 | 42.00 | 45.00 | OK |
Version: 0.1.4
Check: CRAN incoming feasibility
Result: NOTE
Maintainer: ‘Pierre Lafaye de Micheaux <[email protected]>’
No Authors@R field in DESCRIPTION.
Please add one, modifying
Authors@R: c(person(given = "Cqls",
family = "Team",
role = "aut"),
person(given = c("Pierre", "Lafaye"),
family = "de Micheaux",
role = "cre",
email = "[email protected]"))
as necessary.
Package CITATION file contains call(s) to old-style personList() or
as.personList(). Please use c() on person objects instead.
Package CITATION file contains call(s) to old-style citEntry(). Please
use bibentry() instead.
Flavors: r-devel-linux-x86_64-debian-clang, r-devel-linux-x86_64-debian-gcc