Last updated on 2025-11-05 07:50:37 CET.
| Flavor | Version | Tinstall | Tcheck | Ttotal | Status | Flags |
|---|---|---|---|---|---|---|
| r-devel-linux-x86_64-debian-clang | 0.1-2 | 1.68 | 19.45 | 21.13 | NOTE | |
| r-devel-linux-x86_64-debian-gcc | 0.1-2 | 1.35 | 16.08 | 17.43 | NOTE | |
| r-devel-linux-x86_64-fedora-clang | 0.1-2 | 33.07 | OK | |||
| r-devel-linux-x86_64-fedora-gcc | 0.1-2 | 29.99 | OK | |||
| r-devel-windows-x86_64 | 0.1-2 | 3.00 | 34.00 | 37.00 | OK | |
| r-patched-linux-x86_64 | 0.1-2 | 1.71 | 18.32 | 20.03 | OK | |
| r-release-linux-x86_64 | 0.1-2 | 1.41 | 18.40 | 19.81 | OK | |
| r-release-macos-arm64 | 0.1-2 | 1.00 | 14.00 | 15.00 | OK | |
| r-release-macos-x86_64 | 0.1-2 | 2.00 | 20.00 | 22.00 | OK | |
| r-release-windows-x86_64 | 0.1-2 | 3.00 | 33.00 | 36.00 | OK | |
| r-oldrel-macos-arm64 | 0.1-2 | 1.00 | 18.00 | 19.00 | OK | |
| r-oldrel-macos-x86_64 | 0.1-2 | 1.00 | 18.00 | 19.00 | OK | |
| r-oldrel-windows-x86_64 | 0.1-2 | 3.00 | 35.00 | 38.00 | OK |
Version: 0.1-2
Check: CRAN incoming feasibility
Result: NOTE
Maintainer: ‘Glen Meeden <[email protected]>’
No Authors@R field in DESCRIPTION.
Please add one, modifying
Authors@R: c(person(given = "Glen",
family = "Meeden.",
role = "aut",
email = "[email protected]"),
person(given = "Glen",
family = "Meeden",
role = "cre",
email = "[email protected]"))
as necessary.
Flavors: r-devel-linux-x86_64-debian-clang, r-devel-linux-x86_64-debian-gcc