CRAN Package Check Results for Package bandsfdp

Last updated on 2025-11-05 07:50:38 CET.

Flavor Version Tinstall Tcheck Ttotal Status Flags
r-devel-linux-x86_64-debian-clang 1.1.0 2.74 23.80 26.54 NOTE
r-devel-linux-x86_64-debian-gcc 1.1.0 2.08 18.75 20.83 NOTE
r-devel-linux-x86_64-fedora-clang 1.1.0 40.25 OK
r-devel-linux-x86_64-fedora-gcc 1.1.0 38.90 OK
r-devel-windows-x86_64 1.1.0 5.00 40.00 45.00 OK
r-patched-linux-x86_64 1.1.0 2.93 21.64 24.57 OK
r-release-linux-x86_64 1.1.0 2.72 21.56 24.28 OK
r-release-macos-arm64 1.1.0 2.00 14.00 16.00 OK
r-release-macos-x86_64 1.1.0 3.00 22.00 25.00 OK
r-release-windows-x86_64 1.1.0 3.00 40.00 43.00 OK
r-oldrel-macos-arm64 1.1.0 1.00 18.00 19.00 NOTE
r-oldrel-macos-x86_64 1.1.0 2.00 21.00 23.00 NOTE
r-oldrel-windows-x86_64 1.1.0 4.00 42.00 46.00 NOTE

Check Details

Version: 1.1.0
Check: CRAN incoming feasibility
Result: NOTE Maintainer: ‘Arya Ebadi <[email protected]>’ The Description field contains <arXiv:2302.11837>. Such setups include target-decoy competition (TDC) Please refer to arXiv e-prints via their arXiv DOI <doi:10.48550/arXiv.YYMM.NNNNN>. Flavors: r-devel-linux-x86_64-debian-clang, r-devel-linux-x86_64-debian-gcc

Version: 1.1.0
Check: package dependencies
Result: NOTE Package suggested but not available for checking: ‘fdpbandsdata’ Flavors: r-oldrel-macos-arm64, r-oldrel-macos-x86_64, r-oldrel-windows-x86_64