Last updated on 2025-11-05 07:50:38 CET.
| Flavor | Version | Tinstall | Tcheck | Ttotal | Status | Flags |
|---|---|---|---|---|---|---|
| r-devel-linux-x86_64-debian-clang | 0.2 | 1.56 | 19.46 | 21.02 | NOTE | |
| r-devel-linux-x86_64-debian-gcc | 0.2 | 1.29 | 16.31 | 17.60 | NOTE | |
| r-devel-linux-x86_64-fedora-clang | 0.2 | 32.30 | NOTE | |||
| r-devel-linux-x86_64-fedora-gcc | 0.2 | 29.80 | NOTE | |||
| r-devel-windows-x86_64 | 0.2 | 3.00 | 34.00 | 37.00 | NOTE | |
| r-patched-linux-x86_64 | 0.2 | 1.51 | 18.83 | 20.34 | NOTE | |
| r-release-linux-x86_64 | 0.2 | 1.68 | 18.73 | 20.41 | NOTE | |
| r-release-macos-arm64 | 0.2 | 1.00 | 14.00 | 15.00 | NOTE | |
| r-release-macos-x86_64 | 0.2 | 2.00 | 28.00 | 30.00 | NOTE | |
| r-release-windows-x86_64 | 0.2 | 2.00 | 34.00 | 36.00 | NOTE | |
| r-oldrel-macos-arm64 | 0.2 | 1.00 | 18.00 | 19.00 | NOTE | |
| r-oldrel-macos-x86_64 | 0.2 | 1.00 | 18.00 | 19.00 | NOTE | |
| r-oldrel-windows-x86_64 | 0.2 | 2.00 | 36.00 | 38.00 | NOTE |
Version: 0.2
Check: CRAN incoming feasibility
Result: NOTE
Maintainer: ‘Michele De Meo <[email protected]>’
No Authors@R field in DESCRIPTION.
Please add one, modifying
Authors@R: person(given = "Michele",
family = "De Meo",
role = c("aut", "cre"),
email = "[email protected]")
as necessary.
Flavors: r-devel-linux-x86_64-debian-clang, r-devel-linux-x86_64-debian-gcc
Version: 0.2
Check: DESCRIPTION meta-information
Result: NOTE
Malformed Title field: should not end in a period.
Flavors: r-devel-linux-x86_64-debian-clang, r-devel-linux-x86_64-debian-gcc, r-devel-linux-x86_64-fedora-clang, r-devel-linux-x86_64-fedora-gcc, r-devel-windows-x86_64, r-patched-linux-x86_64, r-release-linux-x86_64, r-release-macos-arm64, r-release-macos-x86_64, r-release-windows-x86_64, r-oldrel-macos-arm64, r-oldrel-macos-x86_64, r-oldrel-windows-x86_64