CRAN Package Check Results for Package bigtcr

Last updated on 2025-11-05 07:50:38 CET.

Flavor Version Tinstall Tcheck Ttotal Status Flags
r-devel-linux-x86_64-debian-clang 1.1 2.65 22.84 25.49 NOTE
r-devel-linux-x86_64-debian-gcc 1.1 2.09 18.47 20.56 NOTE
r-devel-linux-x86_64-fedora-clang 1.1 38.98 OK
r-devel-linux-x86_64-fedora-gcc 1.1 36.03 OK
r-devel-windows-x86_64 1.1 7.00 40.00 47.00 OK
r-patched-linux-x86_64 1.1 2.51 21.50 24.01 OK
r-release-linux-x86_64 1.1 2.51 21.71 24.22 OK
r-release-macos-arm64 1.1 2.00 16.00 18.00 OK
r-release-macos-x86_64 1.1 6.00 33.00 39.00 OK
r-release-windows-x86_64 1.1 6.00 41.00 47.00 OK
r-oldrel-macos-arm64 1.1 3.00 19.00 22.00 OK
r-oldrel-macos-x86_64 1.1 4.00 20.00 24.00 OK
r-oldrel-windows-x86_64 1.1 5.00 42.00 47.00 OK

Check Details

Version: 1.1
Check: CRAN incoming feasibility
Result: NOTE Maintainer: ‘Chenguang Wang <[email protected]>’ No Authors@R field in DESCRIPTION. Please add one, modifying Authors@R: c(person(given = "Chenguang", family = "Wang", role = c("aut", "cre"), email = "[email protected]"), person(given = "Chiung-Yu", family = "Huang", role = "aut"), person(given = "Mei-Cheng", family = "Wang", role = "aut")) as necessary. Flavors: r-devel-linux-x86_64-debian-clang, r-devel-linux-x86_64-debian-gcc